{"id":2698,"date":"2023-08-04T18:00:28","date_gmt":"2023-08-04T17:00:28","guid":{"rendered":"https:\/\/ratmed.org\/?page_id=2698"},"modified":"2023-08-04T18:00:28","modified_gmt":"2023-08-04T17:00:28","slug":"krzyz-zaslugi-bonum-pro-aliis","status":"publish","type":"page","link":"https:\/\/ratmed.org\/index.php\/about\/odznaczenie-ptrm\/krzyz-zaslugi-bonum-pro-aliis\/","title":{"rendered":"Krzy\u017c Zas\u0142ugi \u201eBONUM PRO ALIIS\u201d"},"content":{"rendered":"<p>Odznaczenie <strong>Krzy\u017c Zas\u0142ugi <\/strong>\u201e<strong>BONUM PRO ALIIS<\/strong>\u201d jest wzorowane na krzy\u017cu rycerskim. Ramiona krzy\u017ca s\u0105 wype\u0142nione t\u0142em granatowym, na kt\u00f3rych widnieje napis w kolorze antycznego z\u0142ota \u201eBONUM PRO ALLIS\u201d. Pomi\u0119dzy g\u00f3rnymi ramionami krzy\u017ca, widniej\u0105 dwa go\u0142\u0119bie symbolizuj\u0105ce tragiczne zdarzenie z 28 stycznia 2006 roku, do kt\u00f3rego dosz\u0142o w Chorzowie na terenie Mi\u0119dzynarodowych Targ\u00f3w Katowickich, a by\u0142o zwi\u0105zane z trwaj\u0105c\u0105 tam wystaw\u0105 go\u0142\u0119bi. W katastrofie tej zgin\u0119\u0142o 65 os\u00f3b. Wydarzenie to by\u0142o katalizatorem do powstania ustawy z dnia 8 wrze\u015bnia 2006 r. o Pa\u0144stwowym Ratownictwie Medycznym, w kt\u00f3rej po raz pierwszy w spos\u00f3b kompleksowy opisano zaw\u00f3d i uprawnienia ratownika medycznego. W\u0142a\u015bnie data powstania tej ustawy, by\u0142a inspiracj\u0105 do ustanowienia \u015bwi\u0119ta \u2013 \u201e<em>Dzie\u0144 Ratownika Medycznego<\/em>\u201d.<\/p>\n<p>Pomi\u0119dzy dolnymi ramionami krzy\u017ca, zosta\u0142 umieszczony wieniec upleciony z li\u015bci laurowych, przechodz\u0105cy centralnie przez ramie krzy\u017ca. Wieniec ten symbolizuje zwyci\u0119stwo i szczeg\u00f3lne wyr\u00f3\u017cnienie spo\u015br\u00f3d \u015brodowiska wybitnych os\u00f3b.<\/p>\n<p>Ca\u0142o\u015b\u0107 jest zawieszona na belce, kt\u00f3r\u0105 zwie\u0144czaj\u0105 ga\u0142\u0105zki li\u015bci laurowych, symbolizuj\u0105ce w tym miejscu podnios\u0142y charakter tego odznaczenia.<\/p>\n<p><img loading=\"lazy\" decoding=\"async\" class=\"size-full wp-image-2699 aligncenter\" src=\"https:\/\/ratmed.org\/wp-content\/uploads\/2023\/08\/2023-08-04-Grafika-odznaczenia.jpg\" alt=\"\" width=\"331\" height=\"423\" srcset=\"https:\/\/ratmed.org\/wp-content\/uploads\/2023\/08\/2023-08-04-Grafika-odznaczenia.jpg 331w, https:\/\/ratmed.org\/wp-content\/uploads\/2023\/08\/2023-08-04-Grafika-odznaczenia-235x300.jpg 235w\" sizes=\"auto, (max-width: 331px) 100vw, 331px\" \/><\/p>\n<p style=\"text-align: center;\">Widok odznaczenia <strong>KRZY\u017b ZAS\u0141UGI <\/strong>\u201e<strong>BONUM PRO ALIIS<\/strong>\u201d<\/p>\n","protected":false},"excerpt":{"rendered":"<p>Odznaczenie Krzy\u017c Zas\u0142ugi \u201eBONUM PRO ALIIS\u201d jest wzorowane na krzy\u017cu rycerskim. Ramiona krzy\u017ca s\u0105 wype\u0142nione t\u0142em granatowym, na kt\u00f3rych widnieje [&hellip;]<\/p>\n","protected":false},"author":1,"featured_media":0,"parent":2695,"menu_order":1,"comment_status":"closed","ping_status":"closed","template":"","meta":{"footnotes":"","_links_to":"","_links_to_target":""},"class_list":["post-2698","page","type-page","status-publish","hentry"],"yoast_head":"<!-- This site is optimized with the Yoast SEO plugin v27.4 - https:\/\/yoast.com\/product\/yoast-seo-wordpress\/ -->\n<title>Krzy\u017c Zas\u0142ugi \u201eBONUM PRO ALIIS\u201d -<\/title>\n<meta name=\"robots\" content=\"index, follow, max-snippet:-1, max-image-preview:large, max-video-preview:-1\" \/>\n<link rel=\"canonical\" href=\"https:\/\/ratmed.org\/index.php\/about\/odznaczenie-ptrm\/krzyz-zaslugi-bonum-pro-aliis\/\" \/>\n<meta property=\"og:locale\" content=\"pl_PL\" \/>\n<meta property=\"og:type\" content=\"article\" \/>\n<meta property=\"og:title\" content=\"Krzy\u017c Zas\u0142ugi \u201eBONUM PRO ALIIS\u201d -\" \/>\n<meta property=\"og:description\" content=\"Odznaczenie Krzy\u017c Zas\u0142ugi \u201eBONUM PRO ALIIS\u201d jest wzorowane na krzy\u017cu rycerskim. Ramiona krzy\u017ca s\u0105 wype\u0142nione t\u0142em granatowym, na kt\u00f3rych widnieje [&hellip;]\" \/>\n<meta property=\"og:url\" content=\"https:\/\/ratmed.org\/index.php\/about\/odznaczenie-ptrm\/krzyz-zaslugi-bonum-pro-aliis\/\" \/>\n<meta property=\"og:image\" content=\"https:\/\/ratmed.org\/wp-content\/uploads\/2023\/08\/2023-08-04-Grafika-odznaczenia.jpg\" \/>\n<meta name=\"twitter:card\" content=\"summary_large_image\" \/>\n<meta name=\"twitter:label1\" content=\"Szacowany czas czytania\" \/>\n\t<meta name=\"twitter:data1\" content=\"2 minuty\" \/>\n<script type=\"application\/ld+json\" class=\"yoast-schema-graph\">{\"@context\":\"https:\\\/\\\/schema.org\",\"@graph\":[{\"@type\":\"WebPage\",\"@id\":\"https:\\\/\\\/ratmed.org\\\/index.php\\\/about\\\/odznaczenie-ptrm\\\/krzyz-zaslugi-bonum-pro-aliis\\\/\",\"url\":\"https:\\\/\\\/ratmed.org\\\/index.php\\\/about\\\/odznaczenie-ptrm\\\/krzyz-zaslugi-bonum-pro-aliis\\\/\",\"name\":\"Krzy\u017c Zas\u0142ugi \u201eBONUM PRO ALIIS\u201d -\",\"isPartOf\":{\"@id\":\"https:\\\/\\\/ratmed.org\\\/#website\"},\"primaryImageOfPage\":{\"@id\":\"https:\\\/\\\/ratmed.org\\\/index.php\\\/about\\\/odznaczenie-ptrm\\\/krzyz-zaslugi-bonum-pro-aliis\\\/#primaryimage\"},\"image\":{\"@id\":\"https:\\\/\\\/ratmed.org\\\/index.php\\\/about\\\/odznaczenie-ptrm\\\/krzyz-zaslugi-bonum-pro-aliis\\\/#primaryimage\"},\"thumbnailUrl\":\"https:\\\/\\\/ratmed.org\\\/wp-content\\\/uploads\\\/2023\\\/08\\\/2023-08-04-Grafika-odznaczenia.jpg\",\"datePublished\":\"2023-08-04T17:00:28+00:00\",\"breadcrumb\":{\"@id\":\"https:\\\/\\\/ratmed.org\\\/index.php\\\/about\\\/odznaczenie-ptrm\\\/krzyz-zaslugi-bonum-pro-aliis\\\/#breadcrumb\"},\"inLanguage\":\"pl-PL\",\"potentialAction\":[{\"@type\":\"ReadAction\",\"target\":[\"https:\\\/\\\/ratmed.org\\\/index.php\\\/about\\\/odznaczenie-ptrm\\\/krzyz-zaslugi-bonum-pro-aliis\\\/\"]}]},{\"@type\":\"ImageObject\",\"inLanguage\":\"pl-PL\",\"@id\":\"https:\\\/\\\/ratmed.org\\\/index.php\\\/about\\\/odznaczenie-ptrm\\\/krzyz-zaslugi-bonum-pro-aliis\\\/#primaryimage\",\"url\":\"https:\\\/\\\/ratmed.org\\\/wp-content\\\/uploads\\\/2023\\\/08\\\/2023-08-04-Grafika-odznaczenia.jpg\",\"contentUrl\":\"https:\\\/\\\/ratmed.org\\\/wp-content\\\/uploads\\\/2023\\\/08\\\/2023-08-04-Grafika-odznaczenia.jpg\",\"width\":331,\"height\":423},{\"@type\":\"BreadcrumbList\",\"@id\":\"https:\\\/\\\/ratmed.org\\\/index.php\\\/about\\\/odznaczenie-ptrm\\\/krzyz-zaslugi-bonum-pro-aliis\\\/#breadcrumb\",\"itemListElement\":[{\"@type\":\"ListItem\",\"position\":1,\"name\":\"Strona g\u0142\u00f3wna\",\"item\":\"https:\\\/\\\/ratmed.org\\\/\"},{\"@type\":\"ListItem\",\"position\":2,\"name\":\"O nas:\",\"item\":\"https:\\\/\\\/ratmed.org\\\/index.php\\\/about\\\/\"},{\"@type\":\"ListItem\",\"position\":3,\"name\":\"Odznaczenie PTRM\",\"item\":\"https:\\\/\\\/ratmed.org\\\/index.php\\\/about\\\/odznaczenie-ptrm\\\/\"},{\"@type\":\"ListItem\",\"position\":4,\"name\":\"Krzy\u017c Zas\u0142ugi \u201eBONUM PRO ALIIS\u201d\"}]},{\"@type\":\"WebSite\",\"@id\":\"https:\\\/\\\/ratmed.org\\\/#website\",\"url\":\"https:\\\/\\\/ratmed.org\\\/\",\"name\":\"\",\"description\":\"Polskie Towarzystwo Ratownik\u00f3w Medycznych\",\"potentialAction\":[{\"@type\":\"SearchAction\",\"target\":{\"@type\":\"EntryPoint\",\"urlTemplate\":\"https:\\\/\\\/ratmed.org\\\/?s={search_term_string}\"},\"query-input\":{\"@type\":\"PropertyValueSpecification\",\"valueRequired\":true,\"valueName\":\"search_term_string\"}}],\"inLanguage\":\"pl-PL\"}]}<\/script>\n<!-- \/ Yoast SEO plugin. -->","yoast_head_json":{"title":"Krzy\u017c Zas\u0142ugi \u201eBONUM PRO ALIIS\u201d -","robots":{"index":"index","follow":"follow","max-snippet":"max-snippet:-1","max-image-preview":"max-image-preview:large","max-video-preview":"max-video-preview:-1"},"canonical":"https:\/\/ratmed.org\/index.php\/about\/odznaczenie-ptrm\/krzyz-zaslugi-bonum-pro-aliis\/","og_locale":"pl_PL","og_type":"article","og_title":"Krzy\u017c Zas\u0142ugi \u201eBONUM PRO ALIIS\u201d -","og_description":"Odznaczenie Krzy\u017c Zas\u0142ugi \u201eBONUM PRO ALIIS\u201d jest wzorowane na krzy\u017cu rycerskim. Ramiona krzy\u017ca s\u0105 wype\u0142nione t\u0142em granatowym, na kt\u00f3rych widnieje [&hellip;]","og_url":"https:\/\/ratmed.org\/index.php\/about\/odznaczenie-ptrm\/krzyz-zaslugi-bonum-pro-aliis\/","og_image":[{"url":"https:\/\/ratmed.org\/wp-content\/uploads\/2023\/08\/2023-08-04-Grafika-odznaczenia.jpg","type":"","width":"","height":""}],"twitter_card":"summary_large_image","twitter_misc":{"Szacowany czas czytania":"2 minuty"},"schema":{"@context":"https:\/\/schema.org","@graph":[{"@type":"WebPage","@id":"https:\/\/ratmed.org\/index.php\/about\/odznaczenie-ptrm\/krzyz-zaslugi-bonum-pro-aliis\/","url":"https:\/\/ratmed.org\/index.php\/about\/odznaczenie-ptrm\/krzyz-zaslugi-bonum-pro-aliis\/","name":"Krzy\u017c Zas\u0142ugi \u201eBONUM PRO ALIIS\u201d -","isPartOf":{"@id":"https:\/\/ratmed.org\/#website"},"primaryImageOfPage":{"@id":"https:\/\/ratmed.org\/index.php\/about\/odznaczenie-ptrm\/krzyz-zaslugi-bonum-pro-aliis\/#primaryimage"},"image":{"@id":"https:\/\/ratmed.org\/index.php\/about\/odznaczenie-ptrm\/krzyz-zaslugi-bonum-pro-aliis\/#primaryimage"},"thumbnailUrl":"https:\/\/ratmed.org\/wp-content\/uploads\/2023\/08\/2023-08-04-Grafika-odznaczenia.jpg","datePublished":"2023-08-04T17:00:28+00:00","breadcrumb":{"@id":"https:\/\/ratmed.org\/index.php\/about\/odznaczenie-ptrm\/krzyz-zaslugi-bonum-pro-aliis\/#breadcrumb"},"inLanguage":"pl-PL","potentialAction":[{"@type":"ReadAction","target":["https:\/\/ratmed.org\/index.php\/about\/odznaczenie-ptrm\/krzyz-zaslugi-bonum-pro-aliis\/"]}]},{"@type":"ImageObject","inLanguage":"pl-PL","@id":"https:\/\/ratmed.org\/index.php\/about\/odznaczenie-ptrm\/krzyz-zaslugi-bonum-pro-aliis\/#primaryimage","url":"https:\/\/ratmed.org\/wp-content\/uploads\/2023\/08\/2023-08-04-Grafika-odznaczenia.jpg","contentUrl":"https:\/\/ratmed.org\/wp-content\/uploads\/2023\/08\/2023-08-04-Grafika-odznaczenia.jpg","width":331,"height":423},{"@type":"BreadcrumbList","@id":"https:\/\/ratmed.org\/index.php\/about\/odznaczenie-ptrm\/krzyz-zaslugi-bonum-pro-aliis\/#breadcrumb","itemListElement":[{"@type":"ListItem","position":1,"name":"Strona g\u0142\u00f3wna","item":"https:\/\/ratmed.org\/"},{"@type":"ListItem","position":2,"name":"O nas:","item":"https:\/\/ratmed.org\/index.php\/about\/"},{"@type":"ListItem","position":3,"name":"Odznaczenie PTRM","item":"https:\/\/ratmed.org\/index.php\/about\/odznaczenie-ptrm\/"},{"@type":"ListItem","position":4,"name":"Krzy\u017c Zas\u0142ugi \u201eBONUM PRO ALIIS\u201d"}]},{"@type":"WebSite","@id":"https:\/\/ratmed.org\/#website","url":"https:\/\/ratmed.org\/","name":"","description":"Polskie Towarzystwo Ratownik\u00f3w Medycznych","potentialAction":[{"@type":"SearchAction","target":{"@type":"EntryPoint","urlTemplate":"https:\/\/ratmed.org\/?s={search_term_string}"},"query-input":{"@type":"PropertyValueSpecification","valueRequired":true,"valueName":"search_term_string"}}],"inLanguage":"pl-PL"}]}},"_links":{"self":[{"href":"https:\/\/ratmed.org\/index.php\/wp-json\/wp\/v2\/pages\/2698","targetHints":{"allow":["GET"]}}],"collection":[{"href":"https:\/\/ratmed.org\/index.php\/wp-json\/wp\/v2\/pages"}],"about":[{"href":"https:\/\/ratmed.org\/index.php\/wp-json\/wp\/v2\/types\/page"}],"author":[{"embeddable":true,"href":"https:\/\/ratmed.org\/index.php\/wp-json\/wp\/v2\/users\/1"}],"replies":[{"embeddable":true,"href":"https:\/\/ratmed.org\/index.php\/wp-json\/wp\/v2\/comments?post=2698"}],"version-history":[{"count":1,"href":"https:\/\/ratmed.org\/index.php\/wp-json\/wp\/v2\/pages\/2698\/revisions"}],"predecessor-version":[{"id":2700,"href":"https:\/\/ratmed.org\/index.php\/wp-json\/wp\/v2\/pages\/2698\/revisions\/2700"}],"up":[{"embeddable":true,"href":"https:\/\/ratmed.org\/index.php\/wp-json\/wp\/v2\/pages\/2695"}],"wp:attachment":[{"href":"https:\/\/ratmed.org\/index.php\/wp-json\/wp\/v2\/media?parent=2698"}],"curies":[{"name":"wp","href":"https:\/\/api.w.org\/{rel}","templated":true}]}}