{"id":2731,"date":"2023-08-09T11:15:56","date_gmt":"2023-08-09T10:15:56","guid":{"rendered":"https:\/\/ratmed.org\/?page_id=2731"},"modified":"2024-01-03T11:12:41","modified_gmt":"2024-01-03T10:12:41","slug":"skladki-czlonkowskie","status":"publish","type":"page","link":"https:\/\/ratmed.org\/index.php\/czlonkostwo\/skladki-czlonkowskie\/","title":{"rendered":"Sk\u0142adki cz\u0142onkowskie"},"content":{"rendered":"<p>Wysoko\u015b\u0107 sk\u0142adki cz\u0142onkowskiej w danym roku ustalana jest co roku przez Zarz\u0105d PTRM w drodze uchwa\u0142y. W 2024 roku obowi\u0105zuje uchwa\u0142a nr 26\/2023 z dnia 30 grudnia 2023 roku. Sk\u0142adka cz\u0142onkowska w 2024 roku wynosi:<\/p>\n<ul>\n<li>dla Cz\u0142onk\u00f3w Zwyczajnych: 125,00 z\u0142otych \u2013 p\u0142atna w terminie do 31 marca 2024 roku;<\/li>\n<li>dla Cz\u0142onk\u00f3w Wspieraj\u0105cych: 125,00 z\u0142otych \u2013 p\u0142atna w terminie do 31 marca 2024 roku;<\/li>\n<li>dla Cz\u0142onk\u00f3w Rezydent\u00f3w: 50,00 z\u0142otych \u2013 p\u0142atna w terminie do 31 marca 2024 roku;<\/li>\n<li>dla Cz\u0142onk\u00f3w Sympatyk\u00f3w: 50,00 z\u0142otych \u2013 p\u0142atna w terminie do 31 marca 2024 roku.<\/li>\n<\/ul>\n<p>W przypadku Cz\u0142onk\u00f3w Zwyczajnych i Wspieraj\u0105cych istnieje mo\u017cliwo\u015b\u0107 p\u0142atno\u015bci sk\u0142adka rocznej<br \/>\nw dw\u00f3ch ratach. W przypadku p\u0142atno\u015bci sk\u0142adki rocznej w dw\u00f3ch ratach, sk\u0142adka pozostaje powi\u0119kszona i wynosi:<\/p>\n<ul>\n<li>I rata: 75,00 z\u0142otych \u2013 p\u0142atna w terminie do 31 marca 2024 roku;<\/li>\n<li>II rata: 75,00 z\u0142otych \u2013 p\u0142atna w terminie do 30 wrze\u015bnia 2024 roku.<\/li>\n<\/ul>\n<p>Cz\u0142onkowie Zwyczajni i Cz\u0142onkowie Wspieraj\u0105cy, kt\u00f3rzy zostali przyj\u0119ci w trakcie 2024 roku, zobowi\u0105zani s\u0105 do uiszczenia sk\u0142adki rocznej w kwocie proporcjonalnej do liczby miesi\u0119cy, w kt\u00f3rych posiadaj\u0105 nadany taki status uchwa\u0142\u0105 przez Zarz\u0105d G\u0142\u00f3wny Polskiego Towarzystwa Ratownik\u00f3w Medycznych. Miesi\u0119czna kwota tej sk\u0142adki wynosi 12,50 z\u0142otych.<br \/>\nProporcjonalno\u015b\u0107 op\u0142acania sk\u0142adki, o kt\u00f3rej mowa powy\u017cej, nie dotyczy Cz\u0142onk\u00f3w Rezydent\u00f3w oraz Sympatyk\u00f3w Towarzystwa.<\/p>\n<p>Ww. sk\u0142adki nale\u017cy ui\u015bci\u0107 poprzez wp\u0142at\u0119 na konto bankowego PTRM:<\/p>\n<p><strong>ING 40 1050 1399 1000 0090 8051 2453<\/strong><\/p>\n<p><img loading=\"lazy\" decoding=\"async\" class=\"wp-image-3411 size-large aligncenter\" src=\"https:\/\/ratmed.org\/wp-content\/uploads\/2024\/01\/2023-12-31-Uchwala-26-2023-w-spr.-wysokosci-skladek-na-2024-r.-1-strona-739x1024.jpg\" alt=\"\" width=\"739\" height=\"1024\" srcset=\"https:\/\/ratmed.org\/wp-content\/uploads\/2024\/01\/2023-12-31-Uchwala-26-2023-w-spr.-wysokosci-skladek-na-2024-r.-1-strona-739x1024.jpg 739w, https:\/\/ratmed.org\/wp-content\/uploads\/2024\/01\/2023-12-31-Uchwala-26-2023-w-spr.-wysokosci-skladek-na-2024-r.-1-strona-216x300.jpg 216w, https:\/\/ratmed.org\/wp-content\/uploads\/2024\/01\/2023-12-31-Uchwala-26-2023-w-spr.-wysokosci-skladek-na-2024-r.-1-strona-768x1064.jpg 768w, https:\/\/ratmed.org\/wp-content\/uploads\/2024\/01\/2023-12-31-Uchwala-26-2023-w-spr.-wysokosci-skladek-na-2024-r.-1-strona-1108x1536.jpg 1108w, https:\/\/ratmed.org\/wp-content\/uploads\/2024\/01\/2023-12-31-Uchwala-26-2023-w-spr.-wysokosci-skladek-na-2024-r.-1-strona-1478x2048.jpg 1478w, https:\/\/ratmed.org\/wp-content\/uploads\/2024\/01\/2023-12-31-Uchwala-26-2023-w-spr.-wysokosci-skladek-na-2024-r.-1-strona-scaled.jpg 1847w\" sizes=\"auto, (max-width: 739px) 100vw, 739px\" \/><\/p>\n<p><img loading=\"lazy\" decoding=\"async\" class=\"wp-image-3412 size-large aligncenter\" src=\"https:\/\/ratmed.org\/wp-content\/uploads\/2024\/01\/2023-12-31-Uchwala-26-2023-w-spr.-wysokosci-skladek-na-2024-r.-2-strona-739x1024.jpg\" alt=\"\" width=\"739\" height=\"1024\" srcset=\"https:\/\/ratmed.org\/wp-content\/uploads\/2024\/01\/2023-12-31-Uchwala-26-2023-w-spr.-wysokosci-skladek-na-2024-r.-2-strona-739x1024.jpg 739w, https:\/\/ratmed.org\/wp-content\/uploads\/2024\/01\/2023-12-31-Uchwala-26-2023-w-spr.-wysokosci-skladek-na-2024-r.-2-strona-216x300.jpg 216w, https:\/\/ratmed.org\/wp-content\/uploads\/2024\/01\/2023-12-31-Uchwala-26-2023-w-spr.-wysokosci-skladek-na-2024-r.-2-strona-768x1064.jpg 768w, https:\/\/ratmed.org\/wp-content\/uploads\/2024\/01\/2023-12-31-Uchwala-26-2023-w-spr.-wysokosci-skladek-na-2024-r.-2-strona-1108x1536.jpg 1108w, https:\/\/ratmed.org\/wp-content\/uploads\/2024\/01\/2023-12-31-Uchwala-26-2023-w-spr.-wysokosci-skladek-na-2024-r.-2-strona-1478x2048.jpg 1478w, https:\/\/ratmed.org\/wp-content\/uploads\/2024\/01\/2023-12-31-Uchwala-26-2023-w-spr.-wysokosci-skladek-na-2024-r.-2-strona-scaled.jpg 1847w\" sizes=\"auto, (max-width: 739px) 100vw, 739px\" \/><\/p>\n","protected":false},"excerpt":{"rendered":"<p>Wysoko\u015b\u0107 sk\u0142adki cz\u0142onkowskiej w danym roku ustalana jest co roku przez Zarz\u0105d PTRM w drodze uchwa\u0142y. W 2024 roku obowi\u0105zuje [&hellip;]<\/p>\n","protected":false},"author":1,"featured_media":0,"parent":2717,"menu_order":2,"comment_status":"closed","ping_status":"closed","template":"","meta":{"footnotes":"","_links_to":"","_links_to_target":""},"class_list":["post-2731","page","type-page","status-publish","hentry"],"yoast_head":"<!-- This site is optimized with the Yoast SEO plugin v27.3 - https:\/\/yoast.com\/product\/yoast-seo-wordpress\/ -->\n<title>Sk\u0142adki cz\u0142onkowskie -<\/title>\n<meta name=\"robots\" content=\"index, follow, max-snippet:-1, max-image-preview:large, max-video-preview:-1\" \/>\n<link rel=\"canonical\" href=\"https:\/\/ratmed.org\/index.php\/czlonkostwo\/skladki-czlonkowskie\/\" \/>\n<meta property=\"og:locale\" content=\"pl_PL\" \/>\n<meta property=\"og:type\" content=\"article\" \/>\n<meta property=\"og:title\" content=\"Sk\u0142adki cz\u0142onkowskie -\" \/>\n<meta property=\"og:description\" content=\"Wysoko\u015b\u0107 sk\u0142adki cz\u0142onkowskiej w danym roku ustalana jest co roku przez Zarz\u0105d PTRM w drodze uchwa\u0142y. W 2024 roku obowi\u0105zuje [&hellip;]\" \/>\n<meta property=\"og:url\" content=\"https:\/\/ratmed.org\/index.php\/czlonkostwo\/skladki-czlonkowskie\/\" \/>\n<meta property=\"article:modified_time\" content=\"2024-01-03T10:12:41+00:00\" \/>\n<meta property=\"og:image\" content=\"https:\/\/ratmed.org\/wp-content\/uploads\/2024\/01\/2023-12-31-Uchwala-26-2023-w-spr.-wysokosci-skladek-na-2024-r.-1-strona-739x1024.jpg\" \/>\n<meta name=\"twitter:card\" content=\"summary_large_image\" \/>\n<meta name=\"twitter:label1\" content=\"Szacowany czas czytania\" \/>\n\t<meta name=\"twitter:data1\" content=\"2 minuty\" \/>\n<script type=\"application\/ld+json\" class=\"yoast-schema-graph\">{\"@context\":\"https:\\\/\\\/schema.org\",\"@graph\":[{\"@type\":\"WebPage\",\"@id\":\"https:\\\/\\\/ratmed.org\\\/index.php\\\/czlonkostwo\\\/skladki-czlonkowskie\\\/\",\"url\":\"https:\\\/\\\/ratmed.org\\\/index.php\\\/czlonkostwo\\\/skladki-czlonkowskie\\\/\",\"name\":\"Sk\u0142adki cz\u0142onkowskie -\",\"isPartOf\":{\"@id\":\"https:\\\/\\\/ratmed.org\\\/#website\"},\"primaryImageOfPage\":{\"@id\":\"https:\\\/\\\/ratmed.org\\\/index.php\\\/czlonkostwo\\\/skladki-czlonkowskie\\\/#primaryimage\"},\"image\":{\"@id\":\"https:\\\/\\\/ratmed.org\\\/index.php\\\/czlonkostwo\\\/skladki-czlonkowskie\\\/#primaryimage\"},\"thumbnailUrl\":\"https:\\\/\\\/ratmed.org\\\/wp-content\\\/uploads\\\/2024\\\/01\\\/2023-12-31-Uchwala-26-2023-w-spr.-wysokosci-skladek-na-2024-r.-1-strona-739x1024.jpg\",\"datePublished\":\"2023-08-09T10:15:56+00:00\",\"dateModified\":\"2024-01-03T10:12:41+00:00\",\"breadcrumb\":{\"@id\":\"https:\\\/\\\/ratmed.org\\\/index.php\\\/czlonkostwo\\\/skladki-czlonkowskie\\\/#breadcrumb\"},\"inLanguage\":\"pl-PL\",\"potentialAction\":[{\"@type\":\"ReadAction\",\"target\":[\"https:\\\/\\\/ratmed.org\\\/index.php\\\/czlonkostwo\\\/skladki-czlonkowskie\\\/\"]}]},{\"@type\":\"ImageObject\",\"inLanguage\":\"pl-PL\",\"@id\":\"https:\\\/\\\/ratmed.org\\\/index.php\\\/czlonkostwo\\\/skladki-czlonkowskie\\\/#primaryimage\",\"url\":\"https:\\\/\\\/ratmed.org\\\/wp-content\\\/uploads\\\/2024\\\/01\\\/2023-12-31-Uchwala-26-2023-w-spr.-wysokosci-skladek-na-2024-r.-1-strona-scaled.jpg\",\"contentUrl\":\"https:\\\/\\\/ratmed.org\\\/wp-content\\\/uploads\\\/2024\\\/01\\\/2023-12-31-Uchwala-26-2023-w-spr.-wysokosci-skladek-na-2024-r.-1-strona-scaled.jpg\",\"width\":1847,\"height\":2560},{\"@type\":\"BreadcrumbList\",\"@id\":\"https:\\\/\\\/ratmed.org\\\/index.php\\\/czlonkostwo\\\/skladki-czlonkowskie\\\/#breadcrumb\",\"itemListElement\":[{\"@type\":\"ListItem\",\"position\":1,\"name\":\"Strona g\u0142\u00f3wna\",\"item\":\"https:\\\/\\\/ratmed.org\\\/\"},{\"@type\":\"ListItem\",\"position\":2,\"name\":\"Cz\u0142onkostwo\",\"item\":\"https:\\\/\\\/ratmed.org\\\/index.php\\\/czlonkostwo\\\/\"},{\"@type\":\"ListItem\",\"position\":3,\"name\":\"Sk\u0142adki cz\u0142onkowskie\"}]},{\"@type\":\"WebSite\",\"@id\":\"https:\\\/\\\/ratmed.org\\\/#website\",\"url\":\"https:\\\/\\\/ratmed.org\\\/\",\"name\":\"\",\"description\":\"Polskie Towarzystwo Ratownik\u00f3w Medycznych\",\"potentialAction\":[{\"@type\":\"SearchAction\",\"target\":{\"@type\":\"EntryPoint\",\"urlTemplate\":\"https:\\\/\\\/ratmed.org\\\/?s={search_term_string}\"},\"query-input\":{\"@type\":\"PropertyValueSpecification\",\"valueRequired\":true,\"valueName\":\"search_term_string\"}}],\"inLanguage\":\"pl-PL\"}]}<\/script>\n<!-- \/ Yoast SEO plugin. -->","yoast_head_json":{"title":"Sk\u0142adki cz\u0142onkowskie -","robots":{"index":"index","follow":"follow","max-snippet":"max-snippet:-1","max-image-preview":"max-image-preview:large","max-video-preview":"max-video-preview:-1"},"canonical":"https:\/\/ratmed.org\/index.php\/czlonkostwo\/skladki-czlonkowskie\/","og_locale":"pl_PL","og_type":"article","og_title":"Sk\u0142adki cz\u0142onkowskie -","og_description":"Wysoko\u015b\u0107 sk\u0142adki cz\u0142onkowskiej w danym roku ustalana jest co roku przez Zarz\u0105d PTRM w drodze uchwa\u0142y. W 2024 roku obowi\u0105zuje [&hellip;]","og_url":"https:\/\/ratmed.org\/index.php\/czlonkostwo\/skladki-czlonkowskie\/","article_modified_time":"2024-01-03T10:12:41+00:00","og_image":[{"url":"https:\/\/ratmed.org\/wp-content\/uploads\/2024\/01\/2023-12-31-Uchwala-26-2023-w-spr.-wysokosci-skladek-na-2024-r.-1-strona-739x1024.jpg","type":"","width":"","height":""}],"twitter_card":"summary_large_image","twitter_misc":{"Szacowany czas czytania":"2 minuty"},"schema":{"@context":"https:\/\/schema.org","@graph":[{"@type":"WebPage","@id":"https:\/\/ratmed.org\/index.php\/czlonkostwo\/skladki-czlonkowskie\/","url":"https:\/\/ratmed.org\/index.php\/czlonkostwo\/skladki-czlonkowskie\/","name":"Sk\u0142adki cz\u0142onkowskie -","isPartOf":{"@id":"https:\/\/ratmed.org\/#website"},"primaryImageOfPage":{"@id":"https:\/\/ratmed.org\/index.php\/czlonkostwo\/skladki-czlonkowskie\/#primaryimage"},"image":{"@id":"https:\/\/ratmed.org\/index.php\/czlonkostwo\/skladki-czlonkowskie\/#primaryimage"},"thumbnailUrl":"https:\/\/ratmed.org\/wp-content\/uploads\/2024\/01\/2023-12-31-Uchwala-26-2023-w-spr.-wysokosci-skladek-na-2024-r.-1-strona-739x1024.jpg","datePublished":"2023-08-09T10:15:56+00:00","dateModified":"2024-01-03T10:12:41+00:00","breadcrumb":{"@id":"https:\/\/ratmed.org\/index.php\/czlonkostwo\/skladki-czlonkowskie\/#breadcrumb"},"inLanguage":"pl-PL","potentialAction":[{"@type":"ReadAction","target":["https:\/\/ratmed.org\/index.php\/czlonkostwo\/skladki-czlonkowskie\/"]}]},{"@type":"ImageObject","inLanguage":"pl-PL","@id":"https:\/\/ratmed.org\/index.php\/czlonkostwo\/skladki-czlonkowskie\/#primaryimage","url":"https:\/\/ratmed.org\/wp-content\/uploads\/2024\/01\/2023-12-31-Uchwala-26-2023-w-spr.-wysokosci-skladek-na-2024-r.-1-strona-scaled.jpg","contentUrl":"https:\/\/ratmed.org\/wp-content\/uploads\/2024\/01\/2023-12-31-Uchwala-26-2023-w-spr.-wysokosci-skladek-na-2024-r.-1-strona-scaled.jpg","width":1847,"height":2560},{"@type":"BreadcrumbList","@id":"https:\/\/ratmed.org\/index.php\/czlonkostwo\/skladki-czlonkowskie\/#breadcrumb","itemListElement":[{"@type":"ListItem","position":1,"name":"Strona g\u0142\u00f3wna","item":"https:\/\/ratmed.org\/"},{"@type":"ListItem","position":2,"name":"Cz\u0142onkostwo","item":"https:\/\/ratmed.org\/index.php\/czlonkostwo\/"},{"@type":"ListItem","position":3,"name":"Sk\u0142adki cz\u0142onkowskie"}]},{"@type":"WebSite","@id":"https:\/\/ratmed.org\/#website","url":"https:\/\/ratmed.org\/","name":"","description":"Polskie Towarzystwo Ratownik\u00f3w Medycznych","potentialAction":[{"@type":"SearchAction","target":{"@type":"EntryPoint","urlTemplate":"https:\/\/ratmed.org\/?s={search_term_string}"},"query-input":{"@type":"PropertyValueSpecification","valueRequired":true,"valueName":"search_term_string"}}],"inLanguage":"pl-PL"}]}},"_links":{"self":[{"href":"https:\/\/ratmed.org\/index.php\/wp-json\/wp\/v2\/pages\/2731","targetHints":{"allow":["GET"]}}],"collection":[{"href":"https:\/\/ratmed.org\/index.php\/wp-json\/wp\/v2\/pages"}],"about":[{"href":"https:\/\/ratmed.org\/index.php\/wp-json\/wp\/v2\/types\/page"}],"author":[{"embeddable":true,"href":"https:\/\/ratmed.org\/index.php\/wp-json\/wp\/v2\/users\/1"}],"replies":[{"embeddable":true,"href":"https:\/\/ratmed.org\/index.php\/wp-json\/wp\/v2\/comments?post=2731"}],"version-history":[{"count":2,"href":"https:\/\/ratmed.org\/index.php\/wp-json\/wp\/v2\/pages\/2731\/revisions"}],"predecessor-version":[{"id":3413,"href":"https:\/\/ratmed.org\/index.php\/wp-json\/wp\/v2\/pages\/2731\/revisions\/3413"}],"up":[{"embeddable":true,"href":"https:\/\/ratmed.org\/index.php\/wp-json\/wp\/v2\/pages\/2717"}],"wp:attachment":[{"href":"https:\/\/ratmed.org\/index.php\/wp-json\/wp\/v2\/media?parent=2731"}],"curies":[{"name":"wp","href":"https:\/\/api.w.org\/{rel}","templated":true}]}}