{"id":2983,"date":"2023-09-14T11:04:31","date_gmt":"2023-09-14T10:04:31","guid":{"rendered":"https:\/\/ratmed.org\/?page_id=2983"},"modified":"2024-01-23T10:10:12","modified_gmt":"2024-01-23T09:10:12","slug":"krajowy-ekspert-ds-ratownictwa-medycznego","status":"publish","type":"page","link":"https:\/\/ratmed.org\/index.php\/about\/krajowy-ekspert-ds-ratownictwa-medycznego\/","title":{"rendered":"Krajowy ekspert ds. ratownictwa medycznego PTRM"},"content":{"rendered":"<p>Obecnie w Polskim Towarzystwie Ratownik\u00f3w Medycznych funkcj\u0119 Krajowego Eksperta do spraw ratownictwa medycznego pe\u0142ni, na mocy uchwa\u0142y Zarz\u0105du G\u0142\u00f3wnego Polskiego Towarzystwa Ratownik\u00f3w Medycznych z dnia 2 wrze\u015bnia 2023 r., Nr 20\/2023, <em><strong>Pan<\/strong><\/em> <strong><em>dr n. med. i n. o zdr. Micha\u0142 Kucap<\/em><\/strong>.<\/p>\n<p><img loading=\"lazy\" decoding=\"async\" class=\"size-full wp-image-2595 aligncenter\" src=\"https:\/\/ratmed.org\/wp-content\/uploads\/2023\/07\/image.png\" alt=\"\" width=\"245\" height=\"300\" \/><\/p>\n<p>Zadaniem Krajowego Eksperta do spraw ratownictwa medycznego Polskiego Towarzystwa Ratownik\u00f3w Medycznych jest:<\/p>\n<ul style=\"list-style-type: disc;\">\n<li>podejmowanie dzia\u0142a\u0144 zwi\u0105zanych z wyznaczaniem kierunku modyfikacji uprawnie\u0144 zawodowych ratownika medycznego;<\/li>\n<li>zajmowanie stanowiska w odniesieniu do projekt\u00f3w akt\u00f3w prawnych zwi\u0105zanych z zawodem ratownika medycznego oraz innymi zawodami medycznymi;<\/li>\n<li>wydawanie opinii zwi\u0105zanych z wykonywaniem czynno\u015bci zawodowych przez ratownika medycznego, r\u00f3wnie\u017c w odniesieniu do zgodno\u015bci z aktualnym stanem wiedzy w tym zakresie<br \/>\nz uwzgl\u0119dnieniem dost\u0119pno\u015bci metod i \u015brodk\u00f3w;<\/li>\n<li>wyst\u0119powanie do instytucji kontrolnych z wnioskiem o przeprowadzenie kontroli jako\u015bci wykonywania \u015bwiadcze\u0144 zdrowotnych w zwi\u0105zku z powzi\u0119t\u0105 informacj\u0105 o nieprawid\u0142owo\u015bciach w tym zakresie.<\/li>\n<\/ul>\n<p>W celu realizacji powy\u017cszych zada\u0144 Krajowy Ekspert do spraw ratownictwa medycznego mo\u017ce posi\u0142kowa\u0107 si\u0119 opiniami innych specjalist\u00f3w.<\/p>\n<p>Krajowy Ekspert do spraw ratownictwa medycznego musi wykonywa\u0107 swoje czynno\u015bci w spos\u00f3b bezstronny.<\/p>\n<p>Informacja o dost\u0119pnych formach kontaktu z Krajowym Ekspertem do spraw ratownictwa medycznego Polskiego Towarzystwa Ratownik\u00f3w Medycznych jest dost\u0119pna w zak\u0142adce: &#8222;<a href=\"https:\/\/ratmed.org\/index.php\/contact\/\"><span style=\"text-decoration: underline;\"><em><strong>Kontakt<\/strong><\/em><\/span><\/a>&#8222;.<\/p>\n","protected":false},"excerpt":{"rendered":"<p>Obecnie w Polskim Towarzystwie Ratownik\u00f3w Medycznych funkcj\u0119 Krajowego Eksperta do spraw ratownictwa medycznego pe\u0142ni, na mocy uchwa\u0142y Zarz\u0105du G\u0142\u00f3wnego Polskiego [&hellip;]<\/p>\n","protected":false},"author":1,"featured_media":0,"parent":121,"menu_order":11,"comment_status":"closed","ping_status":"closed","template":"","meta":{"footnotes":"","_links_to":"","_links_to_target":""},"class_list":["post-2983","page","type-page","status-publish","hentry"],"yoast_head":"<!-- This site is optimized with the Yoast SEO plugin v27.4 - https:\/\/yoast.com\/product\/yoast-seo-wordpress\/ -->\n<title>Krajowy ekspert ds. ratownictwa medycznego PTRM -<\/title>\n<meta name=\"robots\" content=\"index, follow, max-snippet:-1, max-image-preview:large, max-video-preview:-1\" \/>\n<link rel=\"canonical\" href=\"https:\/\/ratmed.org\/index.php\/about\/krajowy-ekspert-ds-ratownictwa-medycznego\/\" \/>\n<meta property=\"og:locale\" content=\"pl_PL\" \/>\n<meta property=\"og:type\" content=\"article\" \/>\n<meta property=\"og:title\" content=\"Krajowy ekspert ds. ratownictwa medycznego PTRM -\" \/>\n<meta property=\"og:description\" content=\"Obecnie w Polskim Towarzystwie Ratownik\u00f3w Medycznych funkcj\u0119 Krajowego Eksperta do spraw ratownictwa medycznego pe\u0142ni, na mocy uchwa\u0142y Zarz\u0105du G\u0142\u00f3wnego Polskiego [&hellip;]\" \/>\n<meta property=\"og:url\" content=\"https:\/\/ratmed.org\/index.php\/about\/krajowy-ekspert-ds-ratownictwa-medycznego\/\" \/>\n<meta property=\"article:modified_time\" content=\"2024-01-23T09:10:12+00:00\" \/>\n<meta property=\"og:image\" content=\"https:\/\/ratmed.org\/wp-content\/uploads\/2023\/07\/image.png\" \/>\n<meta name=\"twitter:card\" content=\"summary_large_image\" \/>\n<meta name=\"twitter:label1\" content=\"Szacowany czas czytania\" \/>\n\t<meta name=\"twitter:data1\" content=\"2 minuty\" \/>\n<script type=\"application\/ld+json\" class=\"yoast-schema-graph\">{\"@context\":\"https:\\\/\\\/schema.org\",\"@graph\":[{\"@type\":\"WebPage\",\"@id\":\"https:\\\/\\\/ratmed.org\\\/index.php\\\/about\\\/krajowy-ekspert-ds-ratownictwa-medycznego\\\/\",\"url\":\"https:\\\/\\\/ratmed.org\\\/index.php\\\/about\\\/krajowy-ekspert-ds-ratownictwa-medycznego\\\/\",\"name\":\"Krajowy ekspert ds. ratownictwa medycznego PTRM -\",\"isPartOf\":{\"@id\":\"https:\\\/\\\/ratmed.org\\\/#website\"},\"primaryImageOfPage\":{\"@id\":\"https:\\\/\\\/ratmed.org\\\/index.php\\\/about\\\/krajowy-ekspert-ds-ratownictwa-medycznego\\\/#primaryimage\"},\"image\":{\"@id\":\"https:\\\/\\\/ratmed.org\\\/index.php\\\/about\\\/krajowy-ekspert-ds-ratownictwa-medycznego\\\/#primaryimage\"},\"thumbnailUrl\":\"https:\\\/\\\/ratmed.org\\\/wp-content\\\/uploads\\\/2023\\\/07\\\/image.png\",\"datePublished\":\"2023-09-14T10:04:31+00:00\",\"dateModified\":\"2024-01-23T09:10:12+00:00\",\"breadcrumb\":{\"@id\":\"https:\\\/\\\/ratmed.org\\\/index.php\\\/about\\\/krajowy-ekspert-ds-ratownictwa-medycznego\\\/#breadcrumb\"},\"inLanguage\":\"pl-PL\",\"potentialAction\":[{\"@type\":\"ReadAction\",\"target\":[\"https:\\\/\\\/ratmed.org\\\/index.php\\\/about\\\/krajowy-ekspert-ds-ratownictwa-medycznego\\\/\"]}]},{\"@type\":\"ImageObject\",\"inLanguage\":\"pl-PL\",\"@id\":\"https:\\\/\\\/ratmed.org\\\/index.php\\\/about\\\/krajowy-ekspert-ds-ratownictwa-medycznego\\\/#primaryimage\",\"url\":\"https:\\\/\\\/ratmed.org\\\/wp-content\\\/uploads\\\/2023\\\/07\\\/image.png\",\"contentUrl\":\"https:\\\/\\\/ratmed.org\\\/wp-content\\\/uploads\\\/2023\\\/07\\\/image.png\",\"width\":245,\"height\":300},{\"@type\":\"BreadcrumbList\",\"@id\":\"https:\\\/\\\/ratmed.org\\\/index.php\\\/about\\\/krajowy-ekspert-ds-ratownictwa-medycznego\\\/#breadcrumb\",\"itemListElement\":[{\"@type\":\"ListItem\",\"position\":1,\"name\":\"Strona g\u0142\u00f3wna\",\"item\":\"https:\\\/\\\/ratmed.org\\\/\"},{\"@type\":\"ListItem\",\"position\":2,\"name\":\"O nas:\",\"item\":\"https:\\\/\\\/ratmed.org\\\/index.php\\\/about\\\/\"},{\"@type\":\"ListItem\",\"position\":3,\"name\":\"Krajowy ekspert ds. ratownictwa medycznego PTRM\"}]},{\"@type\":\"WebSite\",\"@id\":\"https:\\\/\\\/ratmed.org\\\/#website\",\"url\":\"https:\\\/\\\/ratmed.org\\\/\",\"name\":\"\",\"description\":\"Polskie Towarzystwo Ratownik\u00f3w Medycznych\",\"potentialAction\":[{\"@type\":\"SearchAction\",\"target\":{\"@type\":\"EntryPoint\",\"urlTemplate\":\"https:\\\/\\\/ratmed.org\\\/?s={search_term_string}\"},\"query-input\":{\"@type\":\"PropertyValueSpecification\",\"valueRequired\":true,\"valueName\":\"search_term_string\"}}],\"inLanguage\":\"pl-PL\"}]}<\/script>\n<!-- \/ Yoast SEO plugin. -->","yoast_head_json":{"title":"Krajowy ekspert ds. ratownictwa medycznego PTRM -","robots":{"index":"index","follow":"follow","max-snippet":"max-snippet:-1","max-image-preview":"max-image-preview:large","max-video-preview":"max-video-preview:-1"},"canonical":"https:\/\/ratmed.org\/index.php\/about\/krajowy-ekspert-ds-ratownictwa-medycznego\/","og_locale":"pl_PL","og_type":"article","og_title":"Krajowy ekspert ds. ratownictwa medycznego PTRM -","og_description":"Obecnie w Polskim Towarzystwie Ratownik\u00f3w Medycznych funkcj\u0119 Krajowego Eksperta do spraw ratownictwa medycznego pe\u0142ni, na mocy uchwa\u0142y Zarz\u0105du G\u0142\u00f3wnego Polskiego [&hellip;]","og_url":"https:\/\/ratmed.org\/index.php\/about\/krajowy-ekspert-ds-ratownictwa-medycznego\/","article_modified_time":"2024-01-23T09:10:12+00:00","og_image":[{"url":"https:\/\/ratmed.org\/wp-content\/uploads\/2023\/07\/image.png","type":"","width":"","height":""}],"twitter_card":"summary_large_image","twitter_misc":{"Szacowany czas czytania":"2 minuty"},"schema":{"@context":"https:\/\/schema.org","@graph":[{"@type":"WebPage","@id":"https:\/\/ratmed.org\/index.php\/about\/krajowy-ekspert-ds-ratownictwa-medycznego\/","url":"https:\/\/ratmed.org\/index.php\/about\/krajowy-ekspert-ds-ratownictwa-medycznego\/","name":"Krajowy ekspert ds. ratownictwa medycznego PTRM -","isPartOf":{"@id":"https:\/\/ratmed.org\/#website"},"primaryImageOfPage":{"@id":"https:\/\/ratmed.org\/index.php\/about\/krajowy-ekspert-ds-ratownictwa-medycznego\/#primaryimage"},"image":{"@id":"https:\/\/ratmed.org\/index.php\/about\/krajowy-ekspert-ds-ratownictwa-medycznego\/#primaryimage"},"thumbnailUrl":"https:\/\/ratmed.org\/wp-content\/uploads\/2023\/07\/image.png","datePublished":"2023-09-14T10:04:31+00:00","dateModified":"2024-01-23T09:10:12+00:00","breadcrumb":{"@id":"https:\/\/ratmed.org\/index.php\/about\/krajowy-ekspert-ds-ratownictwa-medycznego\/#breadcrumb"},"inLanguage":"pl-PL","potentialAction":[{"@type":"ReadAction","target":["https:\/\/ratmed.org\/index.php\/about\/krajowy-ekspert-ds-ratownictwa-medycznego\/"]}]},{"@type":"ImageObject","inLanguage":"pl-PL","@id":"https:\/\/ratmed.org\/index.php\/about\/krajowy-ekspert-ds-ratownictwa-medycznego\/#primaryimage","url":"https:\/\/ratmed.org\/wp-content\/uploads\/2023\/07\/image.png","contentUrl":"https:\/\/ratmed.org\/wp-content\/uploads\/2023\/07\/image.png","width":245,"height":300},{"@type":"BreadcrumbList","@id":"https:\/\/ratmed.org\/index.php\/about\/krajowy-ekspert-ds-ratownictwa-medycznego\/#breadcrumb","itemListElement":[{"@type":"ListItem","position":1,"name":"Strona g\u0142\u00f3wna","item":"https:\/\/ratmed.org\/"},{"@type":"ListItem","position":2,"name":"O nas:","item":"https:\/\/ratmed.org\/index.php\/about\/"},{"@type":"ListItem","position":3,"name":"Krajowy ekspert ds. ratownictwa medycznego PTRM"}]},{"@type":"WebSite","@id":"https:\/\/ratmed.org\/#website","url":"https:\/\/ratmed.org\/","name":"","description":"Polskie Towarzystwo Ratownik\u00f3w Medycznych","potentialAction":[{"@type":"SearchAction","target":{"@type":"EntryPoint","urlTemplate":"https:\/\/ratmed.org\/?s={search_term_string}"},"query-input":{"@type":"PropertyValueSpecification","valueRequired":true,"valueName":"search_term_string"}}],"inLanguage":"pl-PL"}]}},"_links":{"self":[{"href":"https:\/\/ratmed.org\/index.php\/wp-json\/wp\/v2\/pages\/2983","targetHints":{"allow":["GET"]}}],"collection":[{"href":"https:\/\/ratmed.org\/index.php\/wp-json\/wp\/v2\/pages"}],"about":[{"href":"https:\/\/ratmed.org\/index.php\/wp-json\/wp\/v2\/types\/page"}],"author":[{"embeddable":true,"href":"https:\/\/ratmed.org\/index.php\/wp-json\/wp\/v2\/users\/1"}],"replies":[{"embeddable":true,"href":"https:\/\/ratmed.org\/index.php\/wp-json\/wp\/v2\/comments?post=2983"}],"version-history":[{"count":3,"href":"https:\/\/ratmed.org\/index.php\/wp-json\/wp\/v2\/pages\/2983\/revisions"}],"predecessor-version":[{"id":3543,"href":"https:\/\/ratmed.org\/index.php\/wp-json\/wp\/v2\/pages\/2983\/revisions\/3543"}],"up":[{"embeddable":true,"href":"https:\/\/ratmed.org\/index.php\/wp-json\/wp\/v2\/pages\/121"}],"wp:attachment":[{"href":"https:\/\/ratmed.org\/index.php\/wp-json\/wp\/v2\/media?parent=2983"}],"curies":[{"name":"wp","href":"https:\/\/api.w.org\/{rel}","templated":true}]}}