{"id":3037,"date":"2023-09-22T09:01:49","date_gmt":"2023-09-22T08:01:49","guid":{"rendered":"https:\/\/ratmed.org\/?page_id=3037"},"modified":"2023-09-22T09:05:52","modified_gmt":"2023-09-22T08:05:52","slug":"odznaczeni","status":"publish","type":"page","link":"https:\/\/ratmed.org\/index.php\/about\/odznaczenie-ptrm\/odznaczeni\/","title":{"rendered":"Odznaczeni"},"content":{"rendered":"<p>Odznaczeni KRZY\u017bEM ZAS\u0141UGI \u201e<strong>BONUM PRO ALIIS<\/strong>\u201d:<\/p>\n<p><span style=\"font-size: 14pt;\"><strong>2023<\/strong><\/span><\/p>\n<p><strong>KATEGORIA<\/strong>: \u201e<em>Edukacja, dydaktyka i profilaktyka zdrowia<\/em>\u201d:<\/p>\n<ul>\n<li>Pan <strong><em>Piotr Bia\u0142o\u0144<\/em><\/strong> \u2013 du\u017cy dorobek dydaktyczny, zaj\u0119cia ze studentami, kursy, warsztaty. Prelegent wielu konferencji, oraz autor wielu artyku\u0142\u00f3w. Zaanga\u017cowany w popularyzacj\u0119 ratownictwa medycznego;<\/li>\n<li>Pan <strong><em>Pawe\u0142 Gaw\u0142owski<\/em><\/strong> \u2013 dr n. o zdr., od wielu lat zaanga\u017cowany w dzia\u0142alno\u015b\u0107 dydaktyczn\u0105. Autor wielu projekt\u00f3w edukacyjnych. Organizator kilku edycji Festiwal\u00f3w Nauki. Ekspert program\u00f3w o bezpiecze\u0144stwie;<\/li>\n<li>Pan <strong><em>\u0141ukasz Kucharski<\/em><\/strong> \u2013 zaanga\u017cowany w dzia\u0142alno\u015b\u0107 dydaktyczn\u0105, zw\u0142aszcza kszta\u0142cenia przeddyplomowego. Zaj\u0119cia ze studentami, szkolenia warsztaty. Tw\u00f3rca autorskich program\u00f3w dydaktycznych, oraz Opiekun Ko\u0142a Naukowego.<\/li>\n<\/ul>\n<p><img loading=\"lazy\" decoding=\"async\" class=\"size-large wp-image-3027 aligncenter\" src=\"https:\/\/ratmed.org\/wp-content\/uploads\/2023\/09\/2023-09-21-Odznaczeni-nr-1-Edukacja-dydaktyka-i-profilaktyka-zdrowia-1024x683.png\" alt=\"\" width=\"780\" height=\"520\" srcset=\"https:\/\/ratmed.org\/wp-content\/uploads\/2023\/09\/2023-09-21-Odznaczeni-nr-1-Edukacja-dydaktyka-i-profilaktyka-zdrowia-1024x683.png 1024w, https:\/\/ratmed.org\/wp-content\/uploads\/2023\/09\/2023-09-21-Odznaczeni-nr-1-Edukacja-dydaktyka-i-profilaktyka-zdrowia-300x200.png 300w, https:\/\/ratmed.org\/wp-content\/uploads\/2023\/09\/2023-09-21-Odznaczeni-nr-1-Edukacja-dydaktyka-i-profilaktyka-zdrowia-768x512.png 768w, https:\/\/ratmed.org\/wp-content\/uploads\/2023\/09\/2023-09-21-Odznaczeni-nr-1-Edukacja-dydaktyka-i-profilaktyka-zdrowia-1536x1024.png 1536w, https:\/\/ratmed.org\/wp-content\/uploads\/2023\/09\/2023-09-21-Odznaczeni-nr-1-Edukacja-dydaktyka-i-profilaktyka-zdrowia-2048x1365.png 2048w\" sizes=\"auto, (max-width: 780px) 100vw, 780px\" \/><\/p>\n<p style=\"text-align: center;\"><strong><em>Pan <\/em><\/strong><strong><em>Piotr Bia\u0142o\u0144 <\/em><\/strong><strong><em>(po lewej), Pan Pawe\u0142 Gaw\u0142owski (w \u015brodku) oraz Pan \u0141ukasz Kucharski (po prawo) po wr\u0119czeniu odznaczenia \u2013 KRZY\u017b ZAS\u0141UGI \u201eBONUM PRO ALIIS\u201d, w kategorii: \u201eEdukacja, dydaktyka i profilaktyka zdrowia\u201d.<\/em><\/strong><\/p>\n<p><strong>KATEGORIA<\/strong>: \u201e<em>Szczeg\u00f3lne zas\u0142ugi na rzecz zawodu ratownika medycznego<\/em>\u201d:<\/p>\n<ul style=\"list-style-type: disc;\">\n<li>Pan <strong><em>Jakub Bonawentura-Wakuluk \u2013<\/em><\/strong> 0dznaczony za Zas\u0142ugi dla Ochrony Zdrowia, Tworzy\u0142 Centra koordynacji (dyspozytornie medyczne). Koordynowa\u0142 bardzo trudne dzia\u0142ania ratownicze. Dzia\u0142a nie tylko na rzecz promowania zawodu ratownika medycznego ale r\u00f3wnie\u017c zawod\u00f3w realizuj\u0105cych zadania dyspozytor\u00f3w medycznych. Dba o popraw\u0119 jako\u015bci w ratownictwie medycznym. Zaanga\u017cowany w proces dydaktyczny, sprawuje opiek\u0119 nad m\u0142odymi adeptami ratownictwa medycznego.<\/li>\n<\/ul>\n<p><img loading=\"lazy\" decoding=\"async\" class=\"size-large wp-image-3028 aligncenter\" src=\"https:\/\/ratmed.org\/wp-content\/uploads\/2023\/09\/2023-09-21-Odznaczeni-nr-2-Szczegolne-zaslugi-na-rzecz-zawodu-ratownika-medycznego-1024x683.png\" alt=\"\" width=\"780\" height=\"520\" srcset=\"https:\/\/ratmed.org\/wp-content\/uploads\/2023\/09\/2023-09-21-Odznaczeni-nr-2-Szczegolne-zaslugi-na-rzecz-zawodu-ratownika-medycznego-1024x683.png 1024w, https:\/\/ratmed.org\/wp-content\/uploads\/2023\/09\/2023-09-21-Odznaczeni-nr-2-Szczegolne-zaslugi-na-rzecz-zawodu-ratownika-medycznego-300x200.png 300w, https:\/\/ratmed.org\/wp-content\/uploads\/2023\/09\/2023-09-21-Odznaczeni-nr-2-Szczegolne-zaslugi-na-rzecz-zawodu-ratownika-medycznego-768x512.png 768w, https:\/\/ratmed.org\/wp-content\/uploads\/2023\/09\/2023-09-21-Odznaczeni-nr-2-Szczegolne-zaslugi-na-rzecz-zawodu-ratownika-medycznego-1536x1024.png 1536w, https:\/\/ratmed.org\/wp-content\/uploads\/2023\/09\/2023-09-21-Odznaczeni-nr-2-Szczegolne-zaslugi-na-rzecz-zawodu-ratownika-medycznego-2048x1365.png 2048w\" sizes=\"auto, (max-width: 780px) 100vw, 780px\" \/><\/p>\n<p style=\"text-align: center;\"><strong><em>Pan Jakub Bonawentura-Wakuluk po wr\u0119czeniu odznaczenia \u2013 KRZY\u017b ZAS\u0141UGI \u201eBONUM PRO ALIIS\u201d, w kategorii: \u201eSzczeg\u00f3lne zas\u0142ugi na rzecz zawodu ratownika medycznego\u201d.<\/em><\/strong><\/p>\n<p><strong>KATEGORIA<\/strong>: &#8222;<em>Heroiczna postawa wobec pacjenta lub poszkodowanego<\/em>\u201d:<\/p>\n<ul>\n<li>Pani <strong><em>Paulina St\u0119pie\u0144-Matuszczyk<\/em><\/strong> \u2013 ofiarna na rzecz os\u00f3b potrzebuj\u0105cych pomocy. Ranna w czasie wykonywania swoich obowi\u0105zk\u00f3w s\u0142u\u017cbowych. W opinii prze\u0142o\u017conych i wsp\u00f3\u0142pracownik\u00f3w wzorowy \u017co\u0142nierz i ratownik medyczny;<\/li>\n<li>Panu <strong><em>Janowi Mudlaff <\/em><\/strong>\u2013 pomoc ofiarom zaczadzenia z nara\u017ceniem w\u0142asnego \u017cycia, pomoc osobom zagro\u017conym przemoc\u0105 domow\u0105, troskliwa i pe\u0142na ciep\u0142a opieka nad pacjentami w pandemii. Podej\u015bcie do wykonywanych obowi\u0105zk\u00f3w, pacjent\u00f3w, oraz inne dzia\u0142ania np. prewencyjne, nie mog\u0105 pozosta\u0107 niezauwa\u017cone.<\/li>\n<\/ul>\n<p><img loading=\"lazy\" decoding=\"async\" class=\"size-large wp-image-3029 aligncenter\" src=\"https:\/\/ratmed.org\/wp-content\/uploads\/2023\/09\/2023-09-21-Odznaczeni-nr-3-Heroiczna-postawa-wobec-pacjenta-lub-poszkodowanego-1024x683.png\" alt=\"\" width=\"780\" height=\"520\" srcset=\"https:\/\/ratmed.org\/wp-content\/uploads\/2023\/09\/2023-09-21-Odznaczeni-nr-3-Heroiczna-postawa-wobec-pacjenta-lub-poszkodowanego-1024x683.png 1024w, https:\/\/ratmed.org\/wp-content\/uploads\/2023\/09\/2023-09-21-Odznaczeni-nr-3-Heroiczna-postawa-wobec-pacjenta-lub-poszkodowanego-300x200.png 300w, https:\/\/ratmed.org\/wp-content\/uploads\/2023\/09\/2023-09-21-Odznaczeni-nr-3-Heroiczna-postawa-wobec-pacjenta-lub-poszkodowanego-768x512.png 768w, https:\/\/ratmed.org\/wp-content\/uploads\/2023\/09\/2023-09-21-Odznaczeni-nr-3-Heroiczna-postawa-wobec-pacjenta-lub-poszkodowanego-1536x1024.png 1536w, https:\/\/ratmed.org\/wp-content\/uploads\/2023\/09\/2023-09-21-Odznaczeni-nr-3-Heroiczna-postawa-wobec-pacjenta-lub-poszkodowanego-2048x1365.png 2048w\" sizes=\"auto, (max-width: 780px) 100vw, 780px\" \/><\/p>\n<p style=\"text-align: center;\"><strong><em>Pan Jan Mudlaff \u00a0i Pani Paulina St\u0119pie\u0144-Matuszczyk po wr\u0119czeniu odznaczenia \u2013 KRZY\u017b ZAS\u0141UGI \u201eBONUM PRO ALIIS\u201d, w kategorii: \u201eHeroiczna postawa wobec pacjenta lub poszkodowanego\u201d.<\/em><\/strong><\/p>\n<p><strong>KATEGORIA<\/strong>: \u201e<em>Autorytet dla \u015brodowiska ratownik\u00f3w medycznych<\/em>\u201d:<\/p>\n<ul>\n<li>Pan <strong><em>Andrzej Banik<\/em><\/strong> \u2013 porucznik Wojska Polskiego. Wykonuje zadania ratownika medycznego jako \u017co\u0142nierz m.in. w misjach pokojowych. Du\u017ce zaanga\u017cowanie w szkolenie nowych kadr medycznych z medycyny pola walki, oraz postawa i ca\u0142okszta\u0142t osi\u0105gni\u0119\u0107. Wielokrotnie odznaczany;<\/li>\n<li>Pan <strong><em>\u0141ukasz Szcz\u0119sny<\/em><\/strong> \u2013 odpowiedzialno\u015b\u0107 i troska o pacjent\u00f3w i wsp\u00f3\u0142pracownik\u00f3w w trudnych i niebezpiecznych sytuacjach. Zaanga\u017cowanie w tworzenie TOP SPR, oraz ofiarna postawa w walce z pandemi\u0105 Covid-19. Nieobecny podczas obchod\u00f3w;<\/li>\n<li>Panu <strong><em>\u0141ukasz Szuba<\/em><\/strong> \u2013 ponadprzeci\u0119tnie zaanga\u017cowany w dzia\u0142alno\u015b\u0107 dydaktyczn\u0105 w ramach kszta\u0142cenia podyplomowego. Prowadzi liczne kursy i szkolenia oraz jest prelegentem wielu konferencji na terenie ca\u0142ego kraju. W imieniu Pana \u0141ukasza Szuby odznaczenie odbiera Pan Marcin Ga\u0142kiewicz.<\/li>\n<\/ul>\n<p><img loading=\"lazy\" decoding=\"async\" class=\"size-large wp-image-3030 aligncenter\" src=\"https:\/\/ratmed.org\/wp-content\/uploads\/2023\/09\/2023-09-21-Odznaczeni-nr-4-Autorytet-dla-srodowiska-ratownikow-medycznych-1024x683.png\" alt=\"\" width=\"780\" height=\"520\" srcset=\"https:\/\/ratmed.org\/wp-content\/uploads\/2023\/09\/2023-09-21-Odznaczeni-nr-4-Autorytet-dla-srodowiska-ratownikow-medycznych-1024x683.png 1024w, https:\/\/ratmed.org\/wp-content\/uploads\/2023\/09\/2023-09-21-Odznaczeni-nr-4-Autorytet-dla-srodowiska-ratownikow-medycznych-300x200.png 300w, https:\/\/ratmed.org\/wp-content\/uploads\/2023\/09\/2023-09-21-Odznaczeni-nr-4-Autorytet-dla-srodowiska-ratownikow-medycznych-768x512.png 768w, https:\/\/ratmed.org\/wp-content\/uploads\/2023\/09\/2023-09-21-Odznaczeni-nr-4-Autorytet-dla-srodowiska-ratownikow-medycznych-1536x1024.png 1536w, https:\/\/ratmed.org\/wp-content\/uploads\/2023\/09\/2023-09-21-Odznaczeni-nr-4-Autorytet-dla-srodowiska-ratownikow-medycznych-2048x1365.png 2048w\" sizes=\"auto, (max-width: 780px) 100vw, 780px\" \/><\/p>\n<p style=\"text-align: center;\"><strong><em>Pan Andrzej Banik (po lewej), Pan Marcin Ga\u0142kiewicz odbieraj\u0105cy odznaczenie w imieniu Pana \u0141ukasza Szuba (po prawo) po wr\u0119czeniu odznaczenia \u2013 KRZY\u017b ZAS\u0141UGI \u201eBONUM PRO ALIIS\u201d,<br \/>\nw kategorii: \u201eAutorytet dla \u015brodowiska ratownik\u00f3w medycznych\u201d.<\/em><\/strong><\/p>\n<p><strong>KATEGORIA<\/strong>: \u201e<em>Po\u015bmiertnie, za wyr\u00f3\u017cniaj\u0105ce wykonywanie zawodu ratownika medycznego<\/em>\u201d:<\/p>\n<ul>\n<li>Pan <strong><em>Jaros\u0142awo Kobuszewski <\/em><\/strong>\u2013 ca\u0142e swoje \u017cycie zwi\u0105za\u0142 z niesieniem pomocy innym. Walczy\u0142 o nale\u017cyty presti\u017c dla powstaj\u0105cego w\u00f3wczas zawodu ratownika\u00a0 medycznego, gdy powstawa\u0142 system Pa\u0144stwowe Ratownictwo Medyczne. Bra\u0142 czynny udzia\u0142 w niesieniu pomocy rannym w wojnie\u00a0 na\u00a0 Ukrainie, oraz organizowa\u0142 ich transporty do r\u00f3\u017cnych kraj\u00f3w w Europie;<\/li>\n<li>Pan <strong><em>Micha\u0142 Mikoda<\/em><\/strong> \u2013 wykonywa\u0142 swoje obowi\u0105zki zawodowe sumiennie i z pasj\u0105, nie tylko w ramach ZRM, ale r\u00f3wnie\u017c w OSP. Uczynny, \u017cyczliwy, empatyczny. Zgin\u0105\u0142 nios\u0105c pomoc innym.<\/li>\n<\/ul>\n<p><img loading=\"lazy\" decoding=\"async\" class=\"size-large wp-image-3031 aligncenter\" src=\"https:\/\/ratmed.org\/wp-content\/uploads\/2023\/09\/2023-09-21-Odznaczeni-nr-5-Posmiertnie-za-wyrozniajace-wykonywanie-zawodu-ratownika-medycznego-1024x683.png\" alt=\"\" width=\"780\" height=\"520\" srcset=\"https:\/\/ratmed.org\/wp-content\/uploads\/2023\/09\/2023-09-21-Odznaczeni-nr-5-Posmiertnie-za-wyrozniajace-wykonywanie-zawodu-ratownika-medycznego-1024x683.png 1024w, https:\/\/ratmed.org\/wp-content\/uploads\/2023\/09\/2023-09-21-Odznaczeni-nr-5-Posmiertnie-za-wyrozniajace-wykonywanie-zawodu-ratownika-medycznego-300x200.png 300w, https:\/\/ratmed.org\/wp-content\/uploads\/2023\/09\/2023-09-21-Odznaczeni-nr-5-Posmiertnie-za-wyrozniajace-wykonywanie-zawodu-ratownika-medycznego-768x512.png 768w, https:\/\/ratmed.org\/wp-content\/uploads\/2023\/09\/2023-09-21-Odznaczeni-nr-5-Posmiertnie-za-wyrozniajace-wykonywanie-zawodu-ratownika-medycznego-1536x1024.png 1536w, https:\/\/ratmed.org\/wp-content\/uploads\/2023\/09\/2023-09-21-Odznaczeni-nr-5-Posmiertnie-za-wyrozniajace-wykonywanie-zawodu-ratownika-medycznego-2048x1365.png 2048w\" sizes=\"auto, (max-width: 780px) 100vw, 780px\" \/><\/p>\n<p style=\"text-align: center;\"><strong><em>W imieniu Pana Micha\u0142a Mikoda odznaczenie odebra\u0142a \u017cona (po lewej), w imieniu Pana Jaros\u0142awa Kobuszewski odznaczenie odebra\u0142 Pan Damian Kardymowicz<\/em><\/strong><strong><em> (po prawo).<\/em><\/strong><\/p>\n","protected":false},"excerpt":{"rendered":"<p>Odznaczeni KRZY\u017bEM ZAS\u0141UGI \u201eBONUM PRO ALIIS\u201d: 2023 KATEGORIA: \u201eEdukacja, dydaktyka i profilaktyka zdrowia\u201d: Pan Piotr Bia\u0142o\u0144 \u2013 du\u017cy dorobek dydaktyczny, [&hellip;]<\/p>\n","protected":false},"author":1,"featured_media":0,"parent":2695,"menu_order":3,"comment_status":"closed","ping_status":"closed","template":"","meta":{"footnotes":"","_links_to":"","_links_to_target":""},"class_list":["post-3037","page","type-page","status-publish","hentry"],"yoast_head":"<!-- This site is optimized with the Yoast SEO plugin v27.4 - https:\/\/yoast.com\/product\/yoast-seo-wordpress\/ -->\n<title>Odznaczeni -<\/title>\n<meta name=\"robots\" content=\"index, follow, max-snippet:-1, max-image-preview:large, max-video-preview:-1\" \/>\n<link rel=\"canonical\" href=\"https:\/\/ratmed.org\/index.php\/about\/odznaczenie-ptrm\/odznaczeni\/\" \/>\n<meta property=\"og:locale\" content=\"pl_PL\" \/>\n<meta property=\"og:type\" content=\"article\" \/>\n<meta property=\"og:title\" content=\"Odznaczeni -\" \/>\n<meta property=\"og:description\" content=\"Odznaczeni KRZY\u017bEM ZAS\u0141UGI \u201eBONUM PRO ALIIS\u201d: 2023 KATEGORIA: \u201eEdukacja, dydaktyka i profilaktyka zdrowia\u201d: Pan Piotr Bia\u0142o\u0144 \u2013 du\u017cy dorobek dydaktyczny, [&hellip;]\" \/>\n<meta property=\"og:url\" content=\"https:\/\/ratmed.org\/index.php\/about\/odznaczenie-ptrm\/odznaczeni\/\" \/>\n<meta property=\"article:modified_time\" content=\"2023-09-22T08:05:52+00:00\" \/>\n<meta property=\"og:image\" content=\"https:\/\/ratmed.org\/wp-content\/uploads\/2023\/09\/2023-09-21-Odznaczeni-nr-1-Edukacja-dydaktyka-i-profilaktyka-zdrowia-1024x683.png\" \/>\n<meta name=\"twitter:card\" content=\"summary_large_image\" \/>\n<meta name=\"twitter:label1\" content=\"Szacowany czas czytania\" \/>\n\t<meta name=\"twitter:data1\" content=\"5 minut\" \/>\n<script type=\"application\/ld+json\" class=\"yoast-schema-graph\">{\"@context\":\"https:\\\/\\\/schema.org\",\"@graph\":[{\"@type\":\"WebPage\",\"@id\":\"https:\\\/\\\/ratmed.org\\\/index.php\\\/about\\\/odznaczenie-ptrm\\\/odznaczeni\\\/\",\"url\":\"https:\\\/\\\/ratmed.org\\\/index.php\\\/about\\\/odznaczenie-ptrm\\\/odznaczeni\\\/\",\"name\":\"Odznaczeni -\",\"isPartOf\":{\"@id\":\"https:\\\/\\\/ratmed.org\\\/#website\"},\"primaryImageOfPage\":{\"@id\":\"https:\\\/\\\/ratmed.org\\\/index.php\\\/about\\\/odznaczenie-ptrm\\\/odznaczeni\\\/#primaryimage\"},\"image\":{\"@id\":\"https:\\\/\\\/ratmed.org\\\/index.php\\\/about\\\/odznaczenie-ptrm\\\/odznaczeni\\\/#primaryimage\"},\"thumbnailUrl\":\"https:\\\/\\\/ratmed.org\\\/wp-content\\\/uploads\\\/2023\\\/09\\\/2023-09-21-Odznaczeni-nr-1-Edukacja-dydaktyka-i-profilaktyka-zdrowia-1024x683.png\",\"datePublished\":\"2023-09-22T08:01:49+00:00\",\"dateModified\":\"2023-09-22T08:05:52+00:00\",\"breadcrumb\":{\"@id\":\"https:\\\/\\\/ratmed.org\\\/index.php\\\/about\\\/odznaczenie-ptrm\\\/odznaczeni\\\/#breadcrumb\"},\"inLanguage\":\"pl-PL\",\"potentialAction\":[{\"@type\":\"ReadAction\",\"target\":[\"https:\\\/\\\/ratmed.org\\\/index.php\\\/about\\\/odznaczenie-ptrm\\\/odznaczeni\\\/\"]}]},{\"@type\":\"ImageObject\",\"inLanguage\":\"pl-PL\",\"@id\":\"https:\\\/\\\/ratmed.org\\\/index.php\\\/about\\\/odznaczenie-ptrm\\\/odznaczeni\\\/#primaryimage\",\"url\":\"https:\\\/\\\/ratmed.org\\\/wp-content\\\/uploads\\\/2023\\\/09\\\/2023-09-21-Odznaczeni-nr-1-Edukacja-dydaktyka-i-profilaktyka-zdrowia.png\",\"contentUrl\":\"https:\\\/\\\/ratmed.org\\\/wp-content\\\/uploads\\\/2023\\\/09\\\/2023-09-21-Odznaczeni-nr-1-Edukacja-dydaktyka-i-profilaktyka-zdrowia.png\",\"width\":4156,\"height\":2770},{\"@type\":\"BreadcrumbList\",\"@id\":\"https:\\\/\\\/ratmed.org\\\/index.php\\\/about\\\/odznaczenie-ptrm\\\/odznaczeni\\\/#breadcrumb\",\"itemListElement\":[{\"@type\":\"ListItem\",\"position\":1,\"name\":\"Strona g\u0142\u00f3wna\",\"item\":\"https:\\\/\\\/ratmed.org\\\/\"},{\"@type\":\"ListItem\",\"position\":2,\"name\":\"O nas:\",\"item\":\"https:\\\/\\\/ratmed.org\\\/index.php\\\/about\\\/\"},{\"@type\":\"ListItem\",\"position\":3,\"name\":\"Odznaczenie PTRM\",\"item\":\"https:\\\/\\\/ratmed.org\\\/index.php\\\/about\\\/odznaczenie-ptrm\\\/\"},{\"@type\":\"ListItem\",\"position\":4,\"name\":\"Odznaczeni\"}]},{\"@type\":\"WebSite\",\"@id\":\"https:\\\/\\\/ratmed.org\\\/#website\",\"url\":\"https:\\\/\\\/ratmed.org\\\/\",\"name\":\"\",\"description\":\"Polskie Towarzystwo Ratownik\u00f3w Medycznych\",\"potentialAction\":[{\"@type\":\"SearchAction\",\"target\":{\"@type\":\"EntryPoint\",\"urlTemplate\":\"https:\\\/\\\/ratmed.org\\\/?s={search_term_string}\"},\"query-input\":{\"@type\":\"PropertyValueSpecification\",\"valueRequired\":true,\"valueName\":\"search_term_string\"}}],\"inLanguage\":\"pl-PL\"}]}<\/script>\n<!-- \/ Yoast SEO plugin. -->","yoast_head_json":{"title":"Odznaczeni -","robots":{"index":"index","follow":"follow","max-snippet":"max-snippet:-1","max-image-preview":"max-image-preview:large","max-video-preview":"max-video-preview:-1"},"canonical":"https:\/\/ratmed.org\/index.php\/about\/odznaczenie-ptrm\/odznaczeni\/","og_locale":"pl_PL","og_type":"article","og_title":"Odznaczeni -","og_description":"Odznaczeni KRZY\u017bEM ZAS\u0141UGI \u201eBONUM PRO ALIIS\u201d: 2023 KATEGORIA: \u201eEdukacja, dydaktyka i profilaktyka zdrowia\u201d: Pan Piotr Bia\u0142o\u0144 \u2013 du\u017cy dorobek dydaktyczny, [&hellip;]","og_url":"https:\/\/ratmed.org\/index.php\/about\/odznaczenie-ptrm\/odznaczeni\/","article_modified_time":"2023-09-22T08:05:52+00:00","og_image":[{"url":"https:\/\/ratmed.org\/wp-content\/uploads\/2023\/09\/2023-09-21-Odznaczeni-nr-1-Edukacja-dydaktyka-i-profilaktyka-zdrowia-1024x683.png","type":"","width":"","height":""}],"twitter_card":"summary_large_image","twitter_misc":{"Szacowany czas czytania":"5 minut"},"schema":{"@context":"https:\/\/schema.org","@graph":[{"@type":"WebPage","@id":"https:\/\/ratmed.org\/index.php\/about\/odznaczenie-ptrm\/odznaczeni\/","url":"https:\/\/ratmed.org\/index.php\/about\/odznaczenie-ptrm\/odznaczeni\/","name":"Odznaczeni -","isPartOf":{"@id":"https:\/\/ratmed.org\/#website"},"primaryImageOfPage":{"@id":"https:\/\/ratmed.org\/index.php\/about\/odznaczenie-ptrm\/odznaczeni\/#primaryimage"},"image":{"@id":"https:\/\/ratmed.org\/index.php\/about\/odznaczenie-ptrm\/odznaczeni\/#primaryimage"},"thumbnailUrl":"https:\/\/ratmed.org\/wp-content\/uploads\/2023\/09\/2023-09-21-Odznaczeni-nr-1-Edukacja-dydaktyka-i-profilaktyka-zdrowia-1024x683.png","datePublished":"2023-09-22T08:01:49+00:00","dateModified":"2023-09-22T08:05:52+00:00","breadcrumb":{"@id":"https:\/\/ratmed.org\/index.php\/about\/odznaczenie-ptrm\/odznaczeni\/#breadcrumb"},"inLanguage":"pl-PL","potentialAction":[{"@type":"ReadAction","target":["https:\/\/ratmed.org\/index.php\/about\/odznaczenie-ptrm\/odznaczeni\/"]}]},{"@type":"ImageObject","inLanguage":"pl-PL","@id":"https:\/\/ratmed.org\/index.php\/about\/odznaczenie-ptrm\/odznaczeni\/#primaryimage","url":"https:\/\/ratmed.org\/wp-content\/uploads\/2023\/09\/2023-09-21-Odznaczeni-nr-1-Edukacja-dydaktyka-i-profilaktyka-zdrowia.png","contentUrl":"https:\/\/ratmed.org\/wp-content\/uploads\/2023\/09\/2023-09-21-Odznaczeni-nr-1-Edukacja-dydaktyka-i-profilaktyka-zdrowia.png","width":4156,"height":2770},{"@type":"BreadcrumbList","@id":"https:\/\/ratmed.org\/index.php\/about\/odznaczenie-ptrm\/odznaczeni\/#breadcrumb","itemListElement":[{"@type":"ListItem","position":1,"name":"Strona g\u0142\u00f3wna","item":"https:\/\/ratmed.org\/"},{"@type":"ListItem","position":2,"name":"O nas:","item":"https:\/\/ratmed.org\/index.php\/about\/"},{"@type":"ListItem","position":3,"name":"Odznaczenie PTRM","item":"https:\/\/ratmed.org\/index.php\/about\/odznaczenie-ptrm\/"},{"@type":"ListItem","position":4,"name":"Odznaczeni"}]},{"@type":"WebSite","@id":"https:\/\/ratmed.org\/#website","url":"https:\/\/ratmed.org\/","name":"","description":"Polskie Towarzystwo Ratownik\u00f3w Medycznych","potentialAction":[{"@type":"SearchAction","target":{"@type":"EntryPoint","urlTemplate":"https:\/\/ratmed.org\/?s={search_term_string}"},"query-input":{"@type":"PropertyValueSpecification","valueRequired":true,"valueName":"search_term_string"}}],"inLanguage":"pl-PL"}]}},"_links":{"self":[{"href":"https:\/\/ratmed.org\/index.php\/wp-json\/wp\/v2\/pages\/3037","targetHints":{"allow":["GET"]}}],"collection":[{"href":"https:\/\/ratmed.org\/index.php\/wp-json\/wp\/v2\/pages"}],"about":[{"href":"https:\/\/ratmed.org\/index.php\/wp-json\/wp\/v2\/types\/page"}],"author":[{"embeddable":true,"href":"https:\/\/ratmed.org\/index.php\/wp-json\/wp\/v2\/users\/1"}],"replies":[{"embeddable":true,"href":"https:\/\/ratmed.org\/index.php\/wp-json\/wp\/v2\/comments?post=3037"}],"version-history":[{"count":2,"href":"https:\/\/ratmed.org\/index.php\/wp-json\/wp\/v2\/pages\/3037\/revisions"}],"predecessor-version":[{"id":3041,"href":"https:\/\/ratmed.org\/index.php\/wp-json\/wp\/v2\/pages\/3037\/revisions\/3041"}],"up":[{"embeddable":true,"href":"https:\/\/ratmed.org\/index.php\/wp-json\/wp\/v2\/pages\/2695"}],"wp:attachment":[{"href":"https:\/\/ratmed.org\/index.php\/wp-json\/wp\/v2\/media?parent=3037"}],"curies":[{"name":"wp","href":"https:\/\/api.w.org\/{rel}","templated":true}]}}