{"id":3321,"date":"2023-12-01T22:30:45","date_gmt":"2023-12-01T21:30:45","guid":{"rendered":"https:\/\/ratmed.org\/?page_id=3321"},"modified":"2025-02-14T10:10:04","modified_gmt":"2025-02-14T09:10:04","slug":"vii-slaskie-dni-medycyny-stanow-naglych-w-wisle-2025-rok","status":"publish","type":"page","link":"https:\/\/ratmed.org\/index.php\/about\/vii-slaskie-dni-medycyny-stanow-naglych-w-wisle-2025-rok\/","title":{"rendered":"VII \u015al\u0105skie Dni Medycyny Stan\u00f3w Nag\u0142ych w Wi\u015ble"},"content":{"rendered":"<h4 class=\"x1heor9g x1qlqyl8 x1pd3egz x1a2a7pz x1gslohp x1yc453h\" style=\"text-align: center;\">Strona w przygotowaniu. Ju\u017c nied\u0142ugo udost\u0119pnimy tutaj wszelkie informacje dotycz\u0105ce VII edycji naszego wydarzenia.<\/h4>\n<h4 class=\"x1heor9g x1qlqyl8 x1pd3egz x1a2a7pz x1gslohp x1yc453h\" style=\"text-align: center;\">B\u0105d\u017acie czujni!<\/h4>\n<p style=\"text-align: center;\">Tegoroczna konferencja odb\u0119dzie si\u0119 w dniach 26 &#8211; 28 wrze\u015bnia. Wydarzenie rok rocznie jest organizowane przez Polskie Towarzystwo Ratownik\u00f3w Medycznych.<\/p>\n<p style=\"text-align: center;\"><a href=\"https:\/\/ratmed.org\/blue-and-white-minimalist-webinar-conference-2023-reddit-banner-1\/\"><img loading=\"lazy\" decoding=\"async\" class=\"aligncenter size-large wp-image-4166\" src=\"https:\/\/ratmed.org\/wp-content\/uploads\/2025\/02\/IMG_3276-1024x205.jpeg\" alt=\"\" width=\"780\" height=\"156\" srcset=\"https:\/\/ratmed.org\/wp-content\/uploads\/2025\/02\/IMG_3276-1024x205.jpeg 1024w, https:\/\/ratmed.org\/wp-content\/uploads\/2025\/02\/IMG_3276-300x60.jpeg 300w, https:\/\/ratmed.org\/wp-content\/uploads\/2025\/02\/IMG_3276-768x154.jpeg 768w, https:\/\/ratmed.org\/wp-content\/uploads\/2025\/02\/IMG_3276-1536x307.jpeg 1536w, https:\/\/ratmed.org\/wp-content\/uploads\/2025\/02\/IMG_3276.jpeg 1920w\" sizes=\"auto, (max-width: 780px) 100vw, 780px\" \/><\/a><a href=\"https:\/\/ratmed.org\/index.php\/2018\/03\/29\/ksztalt-zawodu-ratownika-medycznego-jako-element-programu-dzialania-polskiego-towarzystwa-ratownikow-medycznych\/logo-200x200\/\" rel=\"attachment wp-att-717\"><img loading=\"lazy\" decoding=\"async\" class=\"aligncenter size-full wp-image-717\" src=\"https:\/\/ratmed.org\/wp-content\/uploads\/2018\/03\/Logo-200x200.png\" alt=\"\" width=\"200\" height=\"200\" srcset=\"https:\/\/ratmed.org\/wp-content\/uploads\/2018\/03\/Logo-200x200.png 200w, https:\/\/ratmed.org\/wp-content\/uploads\/2018\/03\/Logo-200x200-150x150.png 150w\" sizes=\"auto, (max-width: 200px) 100vw, 200px\" \/><\/a>Stron\u0119 konferencyjn\u0105 znajdziecie pod adresem: <a href=\"http:\/\/www.konferencja-ptrm.pl\">www.konferencja-ptrm.pl<\/a><\/p>\n<p style=\"text-align: center;\">A tymczasem zach\u0119camy do obejrzenia wideorelacji z V \u015al\u0105skich Dni Medycyny Stan\u00f3w Nag\u0142ych.<\/p>\n<p><a href=\"https:\/\/www.youtube.com\/watch?v=H4U0AFzQtrQ\"><img loading=\"lazy\" decoding=\"async\" class=\"size-large wp-image-3154 aligncenter\" src=\"https:\/\/ratmed.org\/wp-content\/uploads\/2023\/10\/2023-10-12-Grafika-do-wideorelacji-1024x523.jpg\" sizes=\"auto, (max-width: 780px) 100vw, 780px\" srcset=\"https:\/\/ratmed.org\/wp-content\/uploads\/2023\/10\/2023-10-12-Grafika-do-wideorelacji-1024x523.jpg 1024w, https:\/\/ratmed.org\/wp-content\/uploads\/2023\/10\/2023-10-12-Grafika-do-wideorelacji-300x153.jpg 300w, https:\/\/ratmed.org\/wp-content\/uploads\/2023\/10\/2023-10-12-Grafika-do-wideorelacji-768x393.jpg 768w, https:\/\/ratmed.org\/wp-content\/uploads\/2023\/10\/2023-10-12-Grafika-do-wideorelacji.jpg 1248w\" alt=\"\" width=\"780\" height=\"398\" \/><\/a><\/p>\n<h1 class=\"style-scope ytd-watch-metadata\">\u00a0<\/h1>\n\n\n\n","protected":false},"excerpt":{"rendered":"<p>Strona w przygotowaniu. Ju\u017c nied\u0142ugo udost\u0119pnimy tutaj wszelkie informacje dotycz\u0105ce VII edycji naszego wydarzenia. B\u0105d\u017acie czujni! Tegoroczna konferencja odb\u0119dzie si\u0119 [&hellip;]<\/p>\n","protected":false},"author":1,"featured_media":0,"parent":121,"menu_order":4,"comment_status":"closed","ping_status":"closed","template":"","meta":{"footnotes":"","_links_to":"","_links_to_target":""},"class_list":["post-3321","page","type-page","status-publish","hentry"],"yoast_head":"<!-- This site is optimized with the Yoast SEO plugin v27.4 - https:\/\/yoast.com\/product\/yoast-seo-wordpress\/ -->\n<title>VII \u015al\u0105skie Dni Medycyny Stan\u00f3w Nag\u0142ych w Wi\u015ble -<\/title>\n<meta name=\"robots\" content=\"index, follow, max-snippet:-1, max-image-preview:large, max-video-preview:-1\" \/>\n<link rel=\"canonical\" href=\"https:\/\/ratmed.org\/index.php\/about\/vii-slaskie-dni-medycyny-stanow-naglych-w-wisle-2025-rok\/\" \/>\n<meta property=\"og:locale\" content=\"pl_PL\" \/>\n<meta property=\"og:type\" content=\"article\" \/>\n<meta property=\"og:title\" content=\"VII \u015al\u0105skie Dni Medycyny Stan\u00f3w Nag\u0142ych w Wi\u015ble -\" \/>\n<meta property=\"og:description\" content=\"Strona w przygotowaniu. Ju\u017c nied\u0142ugo udost\u0119pnimy tutaj wszelkie informacje dotycz\u0105ce VII edycji naszego wydarzenia. B\u0105d\u017acie czujni! Tegoroczna konferencja odb\u0119dzie si\u0119 [&hellip;]\" \/>\n<meta property=\"og:url\" content=\"https:\/\/ratmed.org\/index.php\/about\/vii-slaskie-dni-medycyny-stanow-naglych-w-wisle-2025-rok\/\" \/>\n<meta property=\"article:modified_time\" content=\"2025-02-14T09:10:04+00:00\" \/>\n<meta property=\"og:image\" content=\"https:\/\/ratmed.org\/wp-content\/uploads\/2025\/02\/IMG_3276.jpeg\" \/>\n\t<meta property=\"og:image:width\" content=\"1920\" \/>\n\t<meta property=\"og:image:height\" content=\"384\" \/>\n\t<meta property=\"og:image:type\" content=\"image\/jpeg\" \/>\n<meta name=\"twitter:card\" content=\"summary_large_image\" \/>\n<meta name=\"twitter:label1\" content=\"Szacowany czas czytania\" \/>\n\t<meta name=\"twitter:data1\" content=\"1 minuta\" \/>\n<script type=\"application\/ld+json\" class=\"yoast-schema-graph\">{\"@context\":\"https:\\\/\\\/schema.org\",\"@graph\":[{\"@type\":\"WebPage\",\"@id\":\"https:\\\/\\\/ratmed.org\\\/index.php\\\/about\\\/vii-slaskie-dni-medycyny-stanow-naglych-w-wisle-2025-rok\\\/\",\"url\":\"https:\\\/\\\/ratmed.org\\\/index.php\\\/about\\\/vii-slaskie-dni-medycyny-stanow-naglych-w-wisle-2025-rok\\\/\",\"name\":\"VII \u015al\u0105skie Dni Medycyny Stan\u00f3w Nag\u0142ych w Wi\u015ble -\",\"isPartOf\":{\"@id\":\"https:\\\/\\\/ratmed.org\\\/#website\"},\"primaryImageOfPage\":{\"@id\":\"https:\\\/\\\/ratmed.org\\\/index.php\\\/about\\\/vii-slaskie-dni-medycyny-stanow-naglych-w-wisle-2025-rok\\\/#primaryimage\"},\"image\":{\"@id\":\"https:\\\/\\\/ratmed.org\\\/index.php\\\/about\\\/vii-slaskie-dni-medycyny-stanow-naglych-w-wisle-2025-rok\\\/#primaryimage\"},\"thumbnailUrl\":\"https:\\\/\\\/ratmed.org\\\/wp-content\\\/uploads\\\/2025\\\/02\\\/IMG_3276-1024x205.jpeg\",\"datePublished\":\"2023-12-01T21:30:45+00:00\",\"dateModified\":\"2025-02-14T09:10:04+00:00\",\"breadcrumb\":{\"@id\":\"https:\\\/\\\/ratmed.org\\\/index.php\\\/about\\\/vii-slaskie-dni-medycyny-stanow-naglych-w-wisle-2025-rok\\\/#breadcrumb\"},\"inLanguage\":\"pl-PL\",\"potentialAction\":[{\"@type\":\"ReadAction\",\"target\":[\"https:\\\/\\\/ratmed.org\\\/index.php\\\/about\\\/vii-slaskie-dni-medycyny-stanow-naglych-w-wisle-2025-rok\\\/\"]}]},{\"@type\":\"ImageObject\",\"inLanguage\":\"pl-PL\",\"@id\":\"https:\\\/\\\/ratmed.org\\\/index.php\\\/about\\\/vii-slaskie-dni-medycyny-stanow-naglych-w-wisle-2025-rok\\\/#primaryimage\",\"url\":\"https:\\\/\\\/ratmed.org\\\/wp-content\\\/uploads\\\/2025\\\/02\\\/IMG_3276.jpeg\",\"contentUrl\":\"https:\\\/\\\/ratmed.org\\\/wp-content\\\/uploads\\\/2025\\\/02\\\/IMG_3276.jpeg\",\"width\":1920,\"height\":384},{\"@type\":\"BreadcrumbList\",\"@id\":\"https:\\\/\\\/ratmed.org\\\/index.php\\\/about\\\/vii-slaskie-dni-medycyny-stanow-naglych-w-wisle-2025-rok\\\/#breadcrumb\",\"itemListElement\":[{\"@type\":\"ListItem\",\"position\":1,\"name\":\"Strona g\u0142\u00f3wna\",\"item\":\"https:\\\/\\\/ratmed.org\\\/\"},{\"@type\":\"ListItem\",\"position\":2,\"name\":\"O nas:\",\"item\":\"https:\\\/\\\/ratmed.org\\\/index.php\\\/about\\\/\"},{\"@type\":\"ListItem\",\"position\":3,\"name\":\"VII \u015al\u0105skie Dni Medycyny Stan\u00f3w Nag\u0142ych w Wi\u015ble\"}]},{\"@type\":\"WebSite\",\"@id\":\"https:\\\/\\\/ratmed.org\\\/#website\",\"url\":\"https:\\\/\\\/ratmed.org\\\/\",\"name\":\"\",\"description\":\"Polskie Towarzystwo Ratownik\u00f3w Medycznych\",\"potentialAction\":[{\"@type\":\"SearchAction\",\"target\":{\"@type\":\"EntryPoint\",\"urlTemplate\":\"https:\\\/\\\/ratmed.org\\\/?s={search_term_string}\"},\"query-input\":{\"@type\":\"PropertyValueSpecification\",\"valueRequired\":true,\"valueName\":\"search_term_string\"}}],\"inLanguage\":\"pl-PL\"}]}<\/script>\n<!-- \/ Yoast SEO plugin. -->","yoast_head_json":{"title":"VII \u015al\u0105skie Dni Medycyny Stan\u00f3w Nag\u0142ych w Wi\u015ble -","robots":{"index":"index","follow":"follow","max-snippet":"max-snippet:-1","max-image-preview":"max-image-preview:large","max-video-preview":"max-video-preview:-1"},"canonical":"https:\/\/ratmed.org\/index.php\/about\/vii-slaskie-dni-medycyny-stanow-naglych-w-wisle-2025-rok\/","og_locale":"pl_PL","og_type":"article","og_title":"VII \u015al\u0105skie Dni Medycyny Stan\u00f3w Nag\u0142ych w Wi\u015ble -","og_description":"Strona w przygotowaniu. Ju\u017c nied\u0142ugo udost\u0119pnimy tutaj wszelkie informacje dotycz\u0105ce VII edycji naszego wydarzenia. B\u0105d\u017acie czujni! Tegoroczna konferencja odb\u0119dzie si\u0119 [&hellip;]","og_url":"https:\/\/ratmed.org\/index.php\/about\/vii-slaskie-dni-medycyny-stanow-naglych-w-wisle-2025-rok\/","article_modified_time":"2025-02-14T09:10:04+00:00","og_image":[{"width":1920,"height":384,"url":"https:\/\/ratmed.org\/wp-content\/uploads\/2025\/02\/IMG_3276.jpeg","type":"image\/jpeg"}],"twitter_card":"summary_large_image","twitter_misc":{"Szacowany czas czytania":"1 minuta"},"schema":{"@context":"https:\/\/schema.org","@graph":[{"@type":"WebPage","@id":"https:\/\/ratmed.org\/index.php\/about\/vii-slaskie-dni-medycyny-stanow-naglych-w-wisle-2025-rok\/","url":"https:\/\/ratmed.org\/index.php\/about\/vii-slaskie-dni-medycyny-stanow-naglych-w-wisle-2025-rok\/","name":"VII \u015al\u0105skie Dni Medycyny Stan\u00f3w Nag\u0142ych w Wi\u015ble -","isPartOf":{"@id":"https:\/\/ratmed.org\/#website"},"primaryImageOfPage":{"@id":"https:\/\/ratmed.org\/index.php\/about\/vii-slaskie-dni-medycyny-stanow-naglych-w-wisle-2025-rok\/#primaryimage"},"image":{"@id":"https:\/\/ratmed.org\/index.php\/about\/vii-slaskie-dni-medycyny-stanow-naglych-w-wisle-2025-rok\/#primaryimage"},"thumbnailUrl":"https:\/\/ratmed.org\/wp-content\/uploads\/2025\/02\/IMG_3276-1024x205.jpeg","datePublished":"2023-12-01T21:30:45+00:00","dateModified":"2025-02-14T09:10:04+00:00","breadcrumb":{"@id":"https:\/\/ratmed.org\/index.php\/about\/vii-slaskie-dni-medycyny-stanow-naglych-w-wisle-2025-rok\/#breadcrumb"},"inLanguage":"pl-PL","potentialAction":[{"@type":"ReadAction","target":["https:\/\/ratmed.org\/index.php\/about\/vii-slaskie-dni-medycyny-stanow-naglych-w-wisle-2025-rok\/"]}]},{"@type":"ImageObject","inLanguage":"pl-PL","@id":"https:\/\/ratmed.org\/index.php\/about\/vii-slaskie-dni-medycyny-stanow-naglych-w-wisle-2025-rok\/#primaryimage","url":"https:\/\/ratmed.org\/wp-content\/uploads\/2025\/02\/IMG_3276.jpeg","contentUrl":"https:\/\/ratmed.org\/wp-content\/uploads\/2025\/02\/IMG_3276.jpeg","width":1920,"height":384},{"@type":"BreadcrumbList","@id":"https:\/\/ratmed.org\/index.php\/about\/vii-slaskie-dni-medycyny-stanow-naglych-w-wisle-2025-rok\/#breadcrumb","itemListElement":[{"@type":"ListItem","position":1,"name":"Strona g\u0142\u00f3wna","item":"https:\/\/ratmed.org\/"},{"@type":"ListItem","position":2,"name":"O nas:","item":"https:\/\/ratmed.org\/index.php\/about\/"},{"@type":"ListItem","position":3,"name":"VII \u015al\u0105skie Dni Medycyny Stan\u00f3w Nag\u0142ych w Wi\u015ble"}]},{"@type":"WebSite","@id":"https:\/\/ratmed.org\/#website","url":"https:\/\/ratmed.org\/","name":"","description":"Polskie Towarzystwo Ratownik\u00f3w Medycznych","potentialAction":[{"@type":"SearchAction","target":{"@type":"EntryPoint","urlTemplate":"https:\/\/ratmed.org\/?s={search_term_string}"},"query-input":{"@type":"PropertyValueSpecification","valueRequired":true,"valueName":"search_term_string"}}],"inLanguage":"pl-PL"}]}},"_links":{"self":[{"href":"https:\/\/ratmed.org\/index.php\/wp-json\/wp\/v2\/pages\/3321","targetHints":{"allow":["GET"]}}],"collection":[{"href":"https:\/\/ratmed.org\/index.php\/wp-json\/wp\/v2\/pages"}],"about":[{"href":"https:\/\/ratmed.org\/index.php\/wp-json\/wp\/v2\/types\/page"}],"author":[{"embeddable":true,"href":"https:\/\/ratmed.org\/index.php\/wp-json\/wp\/v2\/users\/1"}],"replies":[{"embeddable":true,"href":"https:\/\/ratmed.org\/index.php\/wp-json\/wp\/v2\/comments?post=3321"}],"version-history":[{"count":8,"href":"https:\/\/ratmed.org\/index.php\/wp-json\/wp\/v2\/pages\/3321\/revisions"}],"predecessor-version":[{"id":4168,"href":"https:\/\/ratmed.org\/index.php\/wp-json\/wp\/v2\/pages\/3321\/revisions\/4168"}],"up":[{"embeddable":true,"href":"https:\/\/ratmed.org\/index.php\/wp-json\/wp\/v2\/pages\/121"}],"wp:attachment":[{"href":"https:\/\/ratmed.org\/index.php\/wp-json\/wp\/v2\/media?parent=3321"}],"curies":[{"name":"wp","href":"https:\/\/api.w.org\/{rel}","templated":true}]}}