{"id":3983,"date":"2024-07-28T07:43:21","date_gmt":"2024-07-28T06:43:21","guid":{"rendered":"https:\/\/ratmed.org\/?page_id=3983"},"modified":"2024-08-24T14:38:39","modified_gmt":"2024-08-24T13:38:39","slug":"2024-2","status":"publish","type":"page","link":"https:\/\/ratmed.org\/index.php\/2024-2\/","title":{"rendered":"2024"},"content":{"rendered":"<ol>\n<li>Zarz\u0105d Polskiego Towarzystwa Ratownik\u00f3w Medycznych opublikowa\u0142 ramowy program II Og\u00f3lnopolskiego Dnia Ratownika Medycznego. Obchody Dnia Ratownika Medycznego na mocy art. 1 ust. 2 ustawy z dnia 1 grudnia 2022 r. o zawodzie ratownika medycznego oraz samorz\u0105dzie ratownik\u00f3w medycznych (Dz. U. poz. 2705 z p\u00f3\u017an. zm.) przypadaj\u0105 co roku na dzie\u0144 8 wrze\u015bnia.<\/li>\n<\/ol>\n<p>Organizacji obchod\u00f3w tego \u015awi\u0119ta podj\u0119\u0142o si\u0119 Polskie Towarzystwo Ratownik\u00f3w Medycznych, kt\u00f3re podczas prac nad projektem ww. ustawy w Sejmie zg\u0142osi\u0142o propozycj\u0119 aby ustanowi\u0107 w\u0142a\u015bnie dzie\u0144 8 wrze\u015bnia Dniem Ratownika Medycznego, kt\u00f3ra to propozycja uzyska\u0142a aprobat\u0119 Parlamentu RP.<\/p>\n<p>Jak wiemy katastrofa z 28 stycznia 2006 roku, do kt\u00f3rej dosz\u0142o w Chorzowie na terenie Mi\u0119dzynarodowych Targ\u00f3w Katowickich poch\u0142on\u0119\u0142a 65 ofiar, by\u0142a przyczyn\u0105 powstania ustawy z dnia 8 wrze\u015bnia 2006 r. o Pa\u0144stwowym Ratownictwie Medycznym, w kt\u00f3rej po raz pierwszy w spos\u00f3b kompleksowy opisano zaw\u00f3d i uprawnienia ratownika medycznego. W\u0142a\u015bnie data powstania tej ustawy, by\u0142a inspiracj\u0105 do ustanowienia \u015bwi\u0119ta \u2013 \u201e<strong>Dzie\u0144 Ratownika Medycznego<\/strong>\u201d.<\/p>\n<p>Drugie obchody Og\u00f3lnopolskiego Dnia Ratownika Medycznego odb\u0119d\u0105 si\u0119 w dniu 6 wrze\u015bnia 2024 roku w Auli Pa\u0144stwowej Akademii Nauk Stosowanych w Nysie zlokalizowanej przy ul. Obro\u0144c\u00f3w Tobruku 5.<\/p>\n<p><a href=\"https:\/\/ratmed.org\/wp-content\/uploads\/2024\/08\/Blue-Simple-Health-Insurance-Poster-portrait-1650-x-240-px.zip-2.png\"><img loading=\"lazy\" decoding=\"async\" class=\"aligncenter size-full wp-image-4014\" src=\"https:\/\/ratmed.org\/wp-content\/uploads\/2024\/08\/Blue-Simple-Health-Insurance-Poster-portrait-1650-x-240-px.zip-2.png\" alt=\"\" width=\"1650\" height=\"240\" srcset=\"https:\/\/ratmed.org\/wp-content\/uploads\/2024\/08\/Blue-Simple-Health-Insurance-Poster-portrait-1650-x-240-px.zip-2.png 1650w, https:\/\/ratmed.org\/wp-content\/uploads\/2024\/08\/Blue-Simple-Health-Insurance-Poster-portrait-1650-x-240-px.zip-2-300x44.png 300w, https:\/\/ratmed.org\/wp-content\/uploads\/2024\/08\/Blue-Simple-Health-Insurance-Poster-portrait-1650-x-240-px.zip-2-1024x149.png 1024w, https:\/\/ratmed.org\/wp-content\/uploads\/2024\/08\/Blue-Simple-Health-Insurance-Poster-portrait-1650-x-240-px.zip-2-768x112.png 768w, https:\/\/ratmed.org\/wp-content\/uploads\/2024\/08\/Blue-Simple-Health-Insurance-Poster-portrait-1650-x-240-px.zip-2-1536x223.png 1536w\" sizes=\"auto, (max-width: 1650px) 100vw, 1650px\" \/><\/a><\/p>\n<p>W programie tegorocznych obchod\u00f3w przewidziano przem\u00f3wienia okoliczno\u015bciowe zaproszonych Go\u015bci, wr\u0119czenie odznacze\u0144 oraz podzi\u0119kowa\u0144, uczczenie minut\u0105 ciszy pami\u0119ci zmar\u0142ych ratownik\u00f3w medycznych, wyk\u0142ad okoliczno\u015bciowy oraz wyst\u0105pienie Przewodnicz\u0105cego Komitetu Organizacyjnego Samorz\u0105du Ratownik\u00f3w Medycznych Pana Mateusz Komzy w zwi\u0105zku z trwaj\u0105cym procesem tworzenia si\u0119 samorz\u0105du ratownik\u00f3w medycznych. Na zako\u0144czenie uroczysto\u015bci odb\u0119dzie si\u0119 uroczysty koncert.<\/p>\n<p>Tegorocznym obchodom b\u0119dzie towarzyszy\u0142 pokaz pierwszej pomocy oraz wystawa ambulans\u00f3w.<\/p>\n<p>Zapraszamy wszystkich ch\u0119tnych ratownik\u00f3w medycznych do wzi\u0119cia udzia\u0142u w obchodach. Udzia\u0142 w wydarzeniu jest bezp\u0142atny. Zg\u0142o\u015b sw\u00f3j udzia\u0142 w Obchodach &#8211; <span style=\"background-color: #ffffff; color: #0000ff;\"><a style=\"background-color: #ffffff; color: #0000ff;\" href=\"https:\/\/docs.google.com\/forms\/d\/e\/1FAIpQLSdqz7GsGcfAb88M27Mk4TTPze0V4J_oYeH7lGG-cl8TP58QjA\/viewform\"><span style=\"text-decoration: underline;\"><strong>Formularz rejestracyjny.<\/strong><\/span><\/a><\/span><\/p>\n<p>Poni\u017cej prezentujemy ramowy plan obchod\u00f3w II Og\u00f3lnopolskiego Dnia Ratownika Medycznego.<\/p>\n<p style=\"text-align: center;\"><strong>Ramowy program obchod\u00f3w<\/strong><\/p>\n<p style=\"text-align: center;\"><strong>II Og\u00f3lnopolskiego Dnia Ratownika Medycznego<br \/>\n6 wrze\u015bnia 2024 r., Nysa<\/strong><\/p>\n<ul>\n<li><strong>9:00 \u2013 11:00<\/strong> Pokaz udzielania pierwszej pomocy oraz wyposa\u017cenia ambulansu &#8211; lokalizacja: Plac na terenie Pa\u0144stwowej Akademii Nauk Stosowanych w Nysie ul. Obro\u0144c\u00f3w Tobruku 5<\/li>\n<\/ul>\n<ul>\n<li><strong>12:00 Uroczyste rozpocz\u0119cie obchod\u00f3w \u201eII Og\u00f3lnopolski Dzie\u0144 Ratownika Medycznego\u201d<\/strong> &#8211; lokalizacja: Aula Pa\u0144stwowej Akademii Nauk Stosowanych w Nysie ul. Obro\u0144c\u00f3w Tobruku 5<\/li>\n<li><strong>12:30<\/strong> Przem\u00f3wienia okoliczno\u015bciowe zaproszonych Go\u015bci<\/li>\n<li><strong>13:15<\/strong> Wr\u0119czenie odznacze\u0144 oraz podzi\u0119kowa\u0144<\/li>\n<li><strong>13.45<\/strong> Uczczenie minut\u0105 ciszy pami\u0119ci zmar\u0142ych Ratownik\u00f3w Medycznych<\/li>\n<li><strong>13:50<\/strong> Wyst\u0105pienie Przewodnicz\u0105cego Komitetu Organizacyjnego Samorz\u0105du Ratownik\u00f3w Medycznych \u2013 <em>mgr Mateusz Komza<\/em><\/li>\n<li><strong>14:00<\/strong> Wyk\u0142ad okoliczno\u015bciowy: \u201e<em>Ratownik Medyczny, wczoraj, dzisiaj i jutro<\/em>\u201d \u2013 <em>dr n. med. Ireneusz Barziej<\/em> &#8211; Przewodnicz\u0105cy Komitetu Naukowego PTRM<\/li>\n<li><strong>14:30<\/strong> Koncert okoliczno\u015bciowy<\/li>\n<li><strong>14:50<\/strong> Zako\u0144czenie uroczysto\u015bci<\/li>\n<\/ul>\n<p style=\"text-align: center;\"><strong>Plakat wydarzenia:<\/strong><\/p>\n<p><a href=\"https:\/\/ratmed.org\/index.php\/2024-2\/blue-simple-health-insurance-poster-portrait-1-3\/\" rel=\"attachment wp-att-4047\"><img loading=\"lazy\" decoding=\"async\" class=\"aligncenter size-large wp-image-4047\" src=\"https:\/\/ratmed.org\/wp-content\/uploads\/2024\/08\/IMG_9670-768x1024.jpeg\" alt=\"\" width=\"768\" height=\"1024\" srcset=\"https:\/\/ratmed.org\/wp-content\/uploads\/2024\/08\/IMG_9670-768x1024.jpeg 768w, https:\/\/ratmed.org\/wp-content\/uploads\/2024\/08\/IMG_9670-225x300.jpeg 225w, https:\/\/ratmed.org\/wp-content\/uploads\/2024\/08\/IMG_9670-1152x1536.jpeg 1152w, https:\/\/ratmed.org\/wp-content\/uploads\/2024\/08\/IMG_9670-1536x2048.jpeg 1536w, https:\/\/ratmed.org\/wp-content\/uploads\/2024\/08\/IMG_9670-scaled.jpeg 1920w\" sizes=\"auto, (max-width: 768px) 100vw, 768px\" \/><\/a><\/p>\n<p style=\"text-align: center;\"><strong>Wsp\u00f3\u0142organizatorami wydarzenia s\u0105:<\/strong><\/p>\n<p><a href=\"https:\/\/ratmed.org\/wp-content\/uploads\/2024\/07\/2024-07-28-logo_pans_2_kolor.jpg\"><img loading=\"lazy\" decoding=\"async\" class=\"aligncenter wp-image-3979 \" src=\"https:\/\/ratmed.org\/wp-content\/uploads\/2024\/07\/2024-07-28-logo_pans_2_kolor-300x83.jpg\" alt=\"\" width=\"546\" height=\"151\" srcset=\"https:\/\/ratmed.org\/wp-content\/uploads\/2024\/07\/2024-07-28-logo_pans_2_kolor-300x83.jpg 300w, https:\/\/ratmed.org\/wp-content\/uploads\/2024\/07\/2024-07-28-logo_pans_2_kolor-1024x283.jpg 1024w, https:\/\/ratmed.org\/wp-content\/uploads\/2024\/07\/2024-07-28-logo_pans_2_kolor-768x212.jpg 768w, https:\/\/ratmed.org\/wp-content\/uploads\/2024\/07\/2024-07-28-logo_pans_2_kolor-1536x425.jpg 1536w, https:\/\/ratmed.org\/wp-content\/uploads\/2024\/07\/2024-07-28-logo_pans_2_kolor.jpg 2000w\" sizes=\"auto, (max-width: 546px) 100vw, 546px\" \/><\/a><\/p>\n<p style=\"text-align: center;\"><a href=\"https:\/\/ratmed.org\/wp-content\/uploads\/2024\/07\/2024-07-28-LOGO-PKRM-e1630353933437.png\"><img loading=\"lazy\" decoding=\"async\" class=\"aligncenter size-full wp-image-3980\" src=\"https:\/\/ratmed.org\/wp-content\/uploads\/2024\/07\/2024-07-28-LOGO-PKRM-e1630353933437.png\" alt=\"\" width=\"200\" height=\"222\" \/><strong><span style=\"color: #000000;\">Patronat honorowy:\u00a0<\/span><\/strong><\/a><\/p>\n<p><a href=\"https:\/\/ratmed.org\/index.php\/2024-2\/patronat_starosty_-_herb_powiatu_nyskiego_jpg1-2\/\" rel=\"attachment wp-att-4035\"><img loading=\"lazy\" decoding=\"async\" class=\"aligncenter size-medium wp-image-4035\" src=\"https:\/\/ratmed.org\/wp-content\/uploads\/2024\/08\/patronat_Starosty_-_herb_powiatu_nyskiego_JPG1-1-262x300.jpeg\" alt=\"\" width=\"262\" height=\"300\" srcset=\"https:\/\/ratmed.org\/wp-content\/uploads\/2024\/08\/patronat_Starosty_-_herb_powiatu_nyskiego_JPG1-1-262x300.jpeg 262w, https:\/\/ratmed.org\/wp-content\/uploads\/2024\/08\/patronat_Starosty_-_herb_powiatu_nyskiego_JPG1-1.jpeg 682w\" sizes=\"auto, (max-width: 262px) 100vw, 262px\" \/><\/a><\/p>\n<p style=\"text-align: center;\"><a href=\"https:\/\/ratmed.org\/wp-content\/uploads\/2024\/07\/2024-07-28-LOGO-PKRM-e1630353933437.png\"><strong><span style=\"color: #000000;\">Partnerzy:<\/span><\/strong><\/a><\/p>\n<p><a href=\"https:\/\/ratmed.org\/index.php\/2024-2\/img_9577\/\" rel=\"attachment wp-att-4037\"><img loading=\"lazy\" decoding=\"async\" class=\"aligncenter wp-image-4037 size-medium\" src=\"https:\/\/ratmed.org\/wp-content\/uploads\/2024\/08\/IMG_9577-300x137.jpeg\" alt=\"\" width=\"300\" height=\"137\" srcset=\"https:\/\/ratmed.org\/wp-content\/uploads\/2024\/08\/IMG_9577-300x137.jpeg 300w, https:\/\/ratmed.org\/wp-content\/uploads\/2024\/08\/IMG_9577.jpeg 332w\" sizes=\"auto, (max-width: 300px) 100vw, 300px\" \/><\/a><\/p>\n<p><a href=\"https:\/\/ratmed.org\/index.php\/2024-2\/laerdal\/\" rel=\"attachment wp-att-4039\"><img loading=\"lazy\" decoding=\"async\" class=\"aligncenter size-full wp-image-4039\" src=\"https:\/\/ratmed.org\/wp-content\/uploads\/2024\/08\/Laerdal.webp\" alt=\"\" width=\"175\" height=\"69\" \/><\/a><\/p>\n<p><a href=\"https:\/\/ratmed.org\/index.php\/2024-2\/img_9672\/\" rel=\"attachment wp-att-4045\"><img loading=\"lazy\" decoding=\"async\" class=\"aligncenter size-medium wp-image-4045\" src=\"https:\/\/ratmed.org\/wp-content\/uploads\/2024\/08\/IMG_9672-300x55.jpeg\" alt=\"\" width=\"300\" height=\"55\" srcset=\"https:\/\/ratmed.org\/wp-content\/uploads\/2024\/08\/IMG_9672-300x55.jpeg 300w, https:\/\/ratmed.org\/wp-content\/uploads\/2024\/08\/IMG_9672-768x140.jpeg 768w, https:\/\/ratmed.org\/wp-content\/uploads\/2024\/08\/IMG_9672.jpeg 1000w\" sizes=\"auto, (max-width: 300px) 100vw, 300px\" \/><\/a><\/p>\n<p style=\"text-align: center;\"><a href=\"https:\/\/ratmed.org\/wp-content\/uploads\/2024\/07\/2024-07-28-LOGO-PKRM-e1630353933437.png\"><strong><span style=\"color: #000000;\">Patronat medialny:\u00a0<\/span><\/strong><\/a><\/p>\n<p><a href=\"https:\/\/ratmed.org\/wp-content\/uploads\/2024\/08\/NN-logo.jpeg\"><img loading=\"lazy\" decoding=\"async\" class=\"aligncenter size-medium wp-image-4002\" src=\"https:\/\/ratmed.org\/wp-content\/uploads\/2024\/08\/NN-logo-300x167.jpeg\" alt=\"\" width=\"300\" height=\"167\" srcset=\"https:\/\/ratmed.org\/wp-content\/uploads\/2024\/08\/NN-logo-300x167.jpeg 300w, https:\/\/ratmed.org\/wp-content\/uploads\/2024\/08\/NN-logo-1024x570.jpeg 1024w, https:\/\/ratmed.org\/wp-content\/uploads\/2024\/08\/NN-logo-768x428.jpeg 768w, https:\/\/ratmed.org\/wp-content\/uploads\/2024\/08\/NN-logo.jpeg 1476w\" sizes=\"auto, (max-width: 300px) 100vw, 300px\" \/><\/a><\/p>\n<p><a href=\"https:\/\/ratmed.org\/wp-content\/uploads\/2024\/08\/IMG_9104.png\"><img loading=\"lazy\" decoding=\"async\" class=\"aligncenter size-medium wp-image-4010\" src=\"https:\/\/ratmed.org\/wp-content\/uploads\/2024\/08\/IMG_9104-300x128.png\" alt=\"\" width=\"300\" height=\"128\" srcset=\"https:\/\/ratmed.org\/wp-content\/uploads\/2024\/08\/IMG_9104-300x128.png 300w, https:\/\/ratmed.org\/wp-content\/uploads\/2024\/08\/IMG_9104-1024x436.png 1024w, https:\/\/ratmed.org\/wp-content\/uploads\/2024\/08\/IMG_9104-768x327.png 768w, https:\/\/ratmed.org\/wp-content\/uploads\/2024\/08\/IMG_9104-1536x654.png 1536w, https:\/\/ratmed.org\/wp-content\/uploads\/2024\/08\/IMG_9104-2048x873.png 2048w\" sizes=\"auto, (max-width: 300px) 100vw, 300px\" \/><\/a><a href=\"https:\/\/ratmed.org\/wp-content\/uploads\/2024\/08\/IMG_9287-scaled.jpeg\"><img loading=\"lazy\" decoding=\"async\" class=\"aligncenter size-medium wp-image-4019\" src=\"https:\/\/ratmed.org\/wp-content\/uploads\/2024\/08\/IMG_9287-300x113.jpeg\" alt=\"\" width=\"300\" height=\"113\" srcset=\"https:\/\/ratmed.org\/wp-content\/uploads\/2024\/08\/IMG_9287-300x113.jpeg 300w, https:\/\/ratmed.org\/wp-content\/uploads\/2024\/08\/IMG_9287-1024x387.jpeg 1024w, https:\/\/ratmed.org\/wp-content\/uploads\/2024\/08\/IMG_9287-768x290.jpeg 768w, https:\/\/ratmed.org\/wp-content\/uploads\/2024\/08\/IMG_9287-1536x581.jpeg 1536w, https:\/\/ratmed.org\/wp-content\/uploads\/2024\/08\/IMG_9287-2048x774.jpeg 2048w\" sizes=\"auto, (max-width: 300px) 100vw, 300px\" \/><\/a><a href=\"https:\/\/ratmed.org\/index.php\/2024-2\/logo-radio-ony\/\" rel=\"attachment wp-att-4061\"><img loading=\"lazy\" decoding=\"async\" class=\"aligncenter size-medium wp-image-4061\" src=\"https:\/\/ratmed.org\/wp-content\/uploads\/2024\/08\/logo-radio-ony-300x172.png\" alt=\"\" width=\"300\" height=\"172\" srcset=\"https:\/\/ratmed.org\/wp-content\/uploads\/2024\/08\/logo-radio-ony-300x172.png 300w, https:\/\/ratmed.org\/wp-content\/uploads\/2024\/08\/logo-radio-ony-1024x587.png 1024w, https:\/\/ratmed.org\/wp-content\/uploads\/2024\/08\/logo-radio-ony-768x440.png 768w, https:\/\/ratmed.org\/wp-content\/uploads\/2024\/08\/logo-radio-ony.png 1398w\" sizes=\"auto, (max-width: 300px) 100vw, 300px\" \/><\/a><\/p>\n","protected":false},"excerpt":{"rendered":"<p>Zarz\u0105d Polskiego Towarzystwa Ratownik\u00f3w Medycznych opublikowa\u0142 ramowy program II Og\u00f3lnopolskiego Dnia Ratownika Medycznego. Obchody Dnia Ratownika Medycznego na mocy art. [&hellip;]<\/p>\n","protected":false},"author":1,"featured_media":0,"parent":0,"menu_order":0,"comment_status":"closed","ping_status":"closed","template":"","meta":{"footnotes":"","_links_to":"","_links_to_target":""},"class_list":["post-3983","page","type-page","status-publish","hentry"],"yoast_head":"<!-- This site is optimized with the Yoast SEO plugin v27.5 - https:\/\/yoast.com\/product\/yoast-seo-wordpress\/ -->\n<title>2024 -<\/title>\n<meta name=\"robots\" content=\"index, follow, max-snippet:-1, max-image-preview:large, max-video-preview:-1\" \/>\n<link rel=\"canonical\" href=\"https:\/\/ratmed.org\/index.php\/2024-2\/\" \/>\n<meta property=\"og:locale\" content=\"pl_PL\" \/>\n<meta property=\"og:type\" content=\"article\" \/>\n<meta property=\"og:title\" content=\"2024 -\" \/>\n<meta property=\"og:description\" content=\"Zarz\u0105d Polskiego Towarzystwa Ratownik\u00f3w Medycznych opublikowa\u0142 ramowy program II Og\u00f3lnopolskiego Dnia Ratownika Medycznego. Obchody Dnia Ratownika Medycznego na mocy art. [&hellip;]\" \/>\n<meta property=\"og:url\" content=\"https:\/\/ratmed.org\/index.php\/2024-2\/\" \/>\n<meta property=\"article:modified_time\" content=\"2024-08-24T13:38:39+00:00\" \/>\n<meta property=\"og:image\" content=\"https:\/\/ratmed.org\/wp-content\/uploads\/2024\/08\/Blue-Simple-Health-Insurance-Poster-portrait-1650-x-240-px.zip-2.png\" \/>\n<meta name=\"twitter:card\" content=\"summary_large_image\" \/>\n<meta name=\"twitter:label1\" content=\"Szacowany czas czytania\" \/>\n\t<meta name=\"twitter:data1\" content=\"5 minut\" \/>\n<script type=\"application\/ld+json\" class=\"yoast-schema-graph\">{\"@context\":\"https:\\\/\\\/schema.org\",\"@graph\":[{\"@type\":\"WebPage\",\"@id\":\"https:\\\/\\\/ratmed.org\\\/index.php\\\/2024-2\\\/\",\"url\":\"https:\\\/\\\/ratmed.org\\\/index.php\\\/2024-2\\\/\",\"name\":\"2024 -\",\"isPartOf\":{\"@id\":\"https:\\\/\\\/ratmed.org\\\/#website\"},\"primaryImageOfPage\":{\"@id\":\"https:\\\/\\\/ratmed.org\\\/index.php\\\/2024-2\\\/#primaryimage\"},\"image\":{\"@id\":\"https:\\\/\\\/ratmed.org\\\/index.php\\\/2024-2\\\/#primaryimage\"},\"thumbnailUrl\":\"https:\\\/\\\/ratmed.org\\\/wp-content\\\/uploads\\\/2024\\\/08\\\/Blue-Simple-Health-Insurance-Poster-portrait-1650-x-240-px.zip-2.png\",\"datePublished\":\"2024-07-28T06:43:21+00:00\",\"dateModified\":\"2024-08-24T13:38:39+00:00\",\"breadcrumb\":{\"@id\":\"https:\\\/\\\/ratmed.org\\\/index.php\\\/2024-2\\\/#breadcrumb\"},\"inLanguage\":\"pl-PL\",\"potentialAction\":[{\"@type\":\"ReadAction\",\"target\":[\"https:\\\/\\\/ratmed.org\\\/index.php\\\/2024-2\\\/\"]}]},{\"@type\":\"ImageObject\",\"inLanguage\":\"pl-PL\",\"@id\":\"https:\\\/\\\/ratmed.org\\\/index.php\\\/2024-2\\\/#primaryimage\",\"url\":\"https:\\\/\\\/ratmed.org\\\/wp-content\\\/uploads\\\/2024\\\/08\\\/Blue-Simple-Health-Insurance-Poster-portrait-1650-x-240-px.zip-2.png\",\"contentUrl\":\"https:\\\/\\\/ratmed.org\\\/wp-content\\\/uploads\\\/2024\\\/08\\\/Blue-Simple-Health-Insurance-Poster-portrait-1650-x-240-px.zip-2.png\",\"width\":1650,\"height\":240},{\"@type\":\"BreadcrumbList\",\"@id\":\"https:\\\/\\\/ratmed.org\\\/index.php\\\/2024-2\\\/#breadcrumb\",\"itemListElement\":[{\"@type\":\"ListItem\",\"position\":1,\"name\":\"Strona g\u0142\u00f3wna\",\"item\":\"https:\\\/\\\/ratmed.org\\\/\"},{\"@type\":\"ListItem\",\"position\":2,\"name\":\"2024\"}]},{\"@type\":\"WebSite\",\"@id\":\"https:\\\/\\\/ratmed.org\\\/#website\",\"url\":\"https:\\\/\\\/ratmed.org\\\/\",\"name\":\"\",\"description\":\"Polskie Towarzystwo Ratownik\u00f3w Medycznych\",\"potentialAction\":[{\"@type\":\"SearchAction\",\"target\":{\"@type\":\"EntryPoint\",\"urlTemplate\":\"https:\\\/\\\/ratmed.org\\\/?s={search_term_string}\"},\"query-input\":{\"@type\":\"PropertyValueSpecification\",\"valueRequired\":true,\"valueName\":\"search_term_string\"}}],\"inLanguage\":\"pl-PL\"}]}<\/script>\n<!-- \/ Yoast SEO plugin. -->","yoast_head_json":{"title":"2024 -","robots":{"index":"index","follow":"follow","max-snippet":"max-snippet:-1","max-image-preview":"max-image-preview:large","max-video-preview":"max-video-preview:-1"},"canonical":"https:\/\/ratmed.org\/index.php\/2024-2\/","og_locale":"pl_PL","og_type":"article","og_title":"2024 -","og_description":"Zarz\u0105d Polskiego Towarzystwa Ratownik\u00f3w Medycznych opublikowa\u0142 ramowy program II Og\u00f3lnopolskiego Dnia Ratownika Medycznego. Obchody Dnia Ratownika Medycznego na mocy art. [&hellip;]","og_url":"https:\/\/ratmed.org\/index.php\/2024-2\/","article_modified_time":"2024-08-24T13:38:39+00:00","og_image":[{"url":"https:\/\/ratmed.org\/wp-content\/uploads\/2024\/08\/Blue-Simple-Health-Insurance-Poster-portrait-1650-x-240-px.zip-2.png","type":"","width":"","height":""}],"twitter_card":"summary_large_image","twitter_misc":{"Szacowany czas czytania":"5 minut"},"schema":{"@context":"https:\/\/schema.org","@graph":[{"@type":"WebPage","@id":"https:\/\/ratmed.org\/index.php\/2024-2\/","url":"https:\/\/ratmed.org\/index.php\/2024-2\/","name":"2024 -","isPartOf":{"@id":"https:\/\/ratmed.org\/#website"},"primaryImageOfPage":{"@id":"https:\/\/ratmed.org\/index.php\/2024-2\/#primaryimage"},"image":{"@id":"https:\/\/ratmed.org\/index.php\/2024-2\/#primaryimage"},"thumbnailUrl":"https:\/\/ratmed.org\/wp-content\/uploads\/2024\/08\/Blue-Simple-Health-Insurance-Poster-portrait-1650-x-240-px.zip-2.png","datePublished":"2024-07-28T06:43:21+00:00","dateModified":"2024-08-24T13:38:39+00:00","breadcrumb":{"@id":"https:\/\/ratmed.org\/index.php\/2024-2\/#breadcrumb"},"inLanguage":"pl-PL","potentialAction":[{"@type":"ReadAction","target":["https:\/\/ratmed.org\/index.php\/2024-2\/"]}]},{"@type":"ImageObject","inLanguage":"pl-PL","@id":"https:\/\/ratmed.org\/index.php\/2024-2\/#primaryimage","url":"https:\/\/ratmed.org\/wp-content\/uploads\/2024\/08\/Blue-Simple-Health-Insurance-Poster-portrait-1650-x-240-px.zip-2.png","contentUrl":"https:\/\/ratmed.org\/wp-content\/uploads\/2024\/08\/Blue-Simple-Health-Insurance-Poster-portrait-1650-x-240-px.zip-2.png","width":1650,"height":240},{"@type":"BreadcrumbList","@id":"https:\/\/ratmed.org\/index.php\/2024-2\/#breadcrumb","itemListElement":[{"@type":"ListItem","position":1,"name":"Strona g\u0142\u00f3wna","item":"https:\/\/ratmed.org\/"},{"@type":"ListItem","position":2,"name":"2024"}]},{"@type":"WebSite","@id":"https:\/\/ratmed.org\/#website","url":"https:\/\/ratmed.org\/","name":"","description":"Polskie Towarzystwo Ratownik\u00f3w Medycznych","potentialAction":[{"@type":"SearchAction","target":{"@type":"EntryPoint","urlTemplate":"https:\/\/ratmed.org\/?s={search_term_string}"},"query-input":{"@type":"PropertyValueSpecification","valueRequired":true,"valueName":"search_term_string"}}],"inLanguage":"pl-PL"}]}},"_links":{"self":[{"href":"https:\/\/ratmed.org\/index.php\/wp-json\/wp\/v2\/pages\/3983","targetHints":{"allow":["GET"]}}],"collection":[{"href":"https:\/\/ratmed.org\/index.php\/wp-json\/wp\/v2\/pages"}],"about":[{"href":"https:\/\/ratmed.org\/index.php\/wp-json\/wp\/v2\/types\/page"}],"author":[{"embeddable":true,"href":"https:\/\/ratmed.org\/index.php\/wp-json\/wp\/v2\/users\/1"}],"replies":[{"embeddable":true,"href":"https:\/\/ratmed.org\/index.php\/wp-json\/wp\/v2\/comments?post=3983"}],"version-history":[{"count":16,"href":"https:\/\/ratmed.org\/index.php\/wp-json\/wp\/v2\/pages\/3983\/revisions"}],"predecessor-version":[{"id":4062,"href":"https:\/\/ratmed.org\/index.php\/wp-json\/wp\/v2\/pages\/3983\/revisions\/4062"}],"wp:attachment":[{"href":"https:\/\/ratmed.org\/index.php\/wp-json\/wp\/v2\/media?parent=3983"}],"curies":[{"name":"wp","href":"https:\/\/api.w.org\/{rel}","templated":true}]}}